{"id":1584,"date":"2023-11-28T11:04:25","date_gmt":"2023-11-28T17:04:25","guid":{"rendered":"https:\/\/agec.campeche.gob.mx\/?page_id=1584"},"modified":"2024-06-03T11:30:36","modified_gmt":"2024-06-03T17:30:36","slug":"segob-directorio","status":"publish","type":"page","link":"https:\/\/agec.campeche.gob.mx\/?page_id=1584","title":{"rendered":"SEGOB Directorio"},"content":{"rendered":"<p>[et_pb_section fb_built=&#8221;1&#8243; _builder_version=&#8221;4.22.1&#8243; _module_preset=&#8221;default&#8221; global_colors_info=&#8221;{}&#8221;][et_pb_row _builder_version=&#8221;4.22.1&#8243; _module_preset=&#8221;default&#8221; global_colors_info=&#8221;{}&#8221;][et_pb_column type=&#8221;4_4&#8243; _builder_version=&#8221;4.22.1&#8243; _module_preset=&#8221;default&#8221; global_colors_info=&#8221;{}&#8221;][et_pb_text _builder_version=&#8221;4.23.1&#8243; _module_preset=&#8221;default&#8221; header_font=&#8221;||||||||&#8221; header_text_align=&#8221;center&#8221; header_text_color=&#8221;#691C32&#8243; hover_enabled=&#8221;0&#8243; global_colors_info=&#8221;{}&#8221; sticky_enabled=&#8221;0&#8243;]<\/p>\n<h1><span><strong>DIRECTORIO DE LOS INTEGRANTES DEL<\/strong><\/span><\/h1>\n<h1><span><strong>COMIT\u00c9 DE \u00c9TICA DE LA SECRETAR\u00cdA DE GOBIERNO<\/strong><\/span><\/h1>\n<p>[\/et_pb_text][\/et_pb_column][\/et_pb_row][et_pb_row _builder_version=&#8221;4.22.1&#8243; _module_preset=&#8221;default&#8221; global_colors_info=&#8221;{}&#8221;][et_pb_column type=&#8221;4_4&#8243; _builder_version=&#8221;4.22.1&#8243; _module_preset=&#8221;default&#8221; global_colors_info=&#8221;{}&#8221;][et_pb_text _builder_version=&#8221;4.23.1&#8243; _module_preset=&#8221;default&#8221; text_font_size=&#8221;20px&#8221; header_font_size=&#8221;25px&#8221; hover_enabled=&#8221;0&#8243; global_colors_info=&#8221;{}&#8221; sticky_enabled=&#8221;0&#8243;]<\/p>\n<table border=\"5\" style=\"border-collapse: collapse; width: 100%; height: 172px; border: 1px solid black;\">\n<tbody>\n<tr style=\"height: 138px;\">\n<td style=\"width: 100%; height: 138px; background-color: #691C32;\">\n<h1 style=\"text-align: center;\"><span style=\"color: white;\">CORREO ELECTR\u00d3NICO DEL COMIT\u00c9 DE \u00c9TICA <\/span><\/h1>\n<\/td>\n<\/tr>\n<tr style=\"height: 24px;\">\n<td style=\"width: 100%; text-align: center; height: 24px;\"><span style=\"color: black;\">comite.etica.segob@gmail.com<\/span><\/td>\n<\/tr>\n<tr style=\"height: 10px;\">\n<td style=\"width: 100%; height: 10px; text-align: center; background-color: #53565a;\"><span style=\"color: white;\">Directorio<\/span><\/td>\n<\/tr>\n<\/tbody>\n<\/table>\n<p>[\/et_pb_text][et_pb_text _builder_version=&#8221;4.23.1&#8243; _module_preset=&#8221;default&#8221; text_text_color=&#8221;#000000&#8243; text_font_size=&#8221;18px&#8221; custom_margin=&#8221;-31px|||||&#8221; custom_padding=&#8221;0px|||||&#8221; hover_enabled=&#8221;0&#8243; global_colors_info=&#8221;{}&#8221; sticky_enabled=&#8221;0&#8243;]<\/p>\n<table border=\"1\" style=\"border-collapse: collapse; width: 100%; height: 477px;\">\n<tbody>\n<tr style=\"height: 24px;\">\n<td style=\"width: 50%; height: 24px; text-align: center; background-color: #691C32;\"><span style=\"color: white;\">Presidente<\/span><\/td>\n<td style=\"width: 50%; height: 24px; text-align: center; background-color: #691C32;\"><span style=\"color: white;\">Suplente<\/span><\/td>\n<\/tr>\n<tr style=\"height: 160px;\">\n<td style=\"width: 50%; height: 160px; text-align: center;\">\n<p style=\"text-align: center;\"><span><strong>Mtro. Arturo Aguilar Ram\u00edrez<\/strong><\/span><\/p>\n<p style=\"text-align: center;\"><span>Subsecretario de Asuntos Jur\u00eddicos y Derechos Humanos<\/span><\/p>\n<p style=\"text-align: center;\"><span><strong>Tel\u00e9fono Oficina:<\/strong>\u00a0981 81 1 92 00 Ext. 31252<\/span><\/p>\n<\/td>\n<td style=\"width: 50%; height: 160px; text-align: center;\">\n<p style=\"text-align: center;\"><span>\u00a0<strong>Mtra. Nadia Selina Mendicuti<\/strong><br \/>\n<\/span><\/p>\n<p style=\"text-align: center;\"><span>Subdirectora de la Subsecretaria de Asuntos Jur\u00eddicos y Derechos Humanos<\/span><\/p>\n<p style=\"text-align: center;\"><span><strong>Tel\u00e9fono Oficina:<\/strong>\u00a0981 81 1 92 00 Ext. 31252<\/span><\/p>\n<\/td>\n<\/tr>\n<tr style=\"height: 10px;\">\n<td style=\"width: 50%; height: 10px; text-align: center; background-color: #888b8d;\"><span style=\"color: white;\">SECRETARIO EJECUTIVO<\/span><\/td>\n<td style=\"width: 50%; height: 10px; text-align: center; background-color: #888b8d;\"><span style=\"color: white;\">SUPLENTE<\/span><\/td>\n<\/tr>\n<tr style=\"height: 0px;\">\n<td style=\"width: 50%; height: 10px; text-align: center;\">\n<p style=\"text-align: center;\"><span><strong>Lic. Esteban Manuel Can Mo\u00f3<\/strong><\/span><\/p>\n<p style=\"text-align: center;\"><span>Director de Evaluaci\u00f3n y Seguimiento<\/span><\/p>\n<p style=\"text-align: center;\"><span><strong>Tel\u00e9fono Oficina:<\/strong>\u00a0981 81 1 92 00 Ext. 31402 y 31603<\/span><\/p>\n<\/td>\n<td style=\"width: 50%; height: 10px; text-align: center;\"><span>No cuenta con suplente<\/span><\/td>\n<\/tr>\n<tr style=\"height: 0px;\">\n<td style=\"width: 50%; height: 10px; text-align: center; background-color: #888b8d;\"><span style=\"color: white;\">SECRETARIA T\u00c9CNICA<\/span><\/td>\n<td style=\"width: 50%; height: 10px; text-align: center; background-color: #888b8d;\"><span style=\"color: white;\">SUPLENTE<\/span><\/td>\n<\/tr>\n<tr style=\"height: 0px;\">\n<td style=\"width: 50%; height: 10px; text-align: center;\"><span><strong>Mtra. Carla Mijairi Medina Chan<\/strong><\/span><\/p>\n<p><span>Coordinadora de la Subsecretar\u00eda de Asuntos Jur\u00eddicos y Derechos Humanos.<\/span><\/p>\n<p><strong>Tel\u00e9fono Oficina:<\/strong><span>\u00a0981 81 1 92 00 Ext. 31252<\/span><\/td>\n<td style=\"width: 50%; height: 10px; text-align: center;\"><strong>Lic. Martin Antonio Huicab Kuc<\/strong><\/p>\n<p><span>Director de Asuntos Agrarios<\/span><\/p>\n<p><strong>Tel\u00e9fono Oficina:<\/strong><span>\u00a0981 81 1 19 14<\/span><\/td>\n<\/tr>\n<tr align=\"center\" style=\"height: 24px;\">\n<td style=\"width: 50%; height: 24px; text-align: center; background-color: #888b8d;\"><span style=\"color: white;\">SEGUNDO MIEMBRO TITULAR<\/span><\/td>\n<td style=\"width: 50%; height: 24px; text-align: center; background-color: #888b8d;\"><span style=\"color: white;\">SUPLENTE<\/span><\/td>\n<\/tr>\n<tr style=\"height: 0px;\">\n<td style=\"width: 50%; height: 10px; text-align: center;\"><span><strong>Lic. Rosario del Carmen Pacheco Zaragoza<\/strong><\/span><\/p>\n<p><span>Directora de Control Notarial<\/span><\/p>\n<p><strong>Tel\u00e9fono Oficina:<\/strong><span>\u00a0981 81 1 92 00 Ext. 30501<\/span><\/td>\n<td style=\"width: 50%; height: 10px; text-align: center;\"><strong>C.P. Vicente del Jes\u00fas Chable\u00a0 Huicab<\/strong><\/p>\n<p><span>Jefe de Departamento de la Coordinaci\u00f3n General Administrativa<\/span><\/p>\n<p><strong>Tel\u00e9fono Oficina:<\/strong><span>\u00a0981 81 1 92 27 Ext. 31506<\/span><\/td>\n<\/tr>\n<tr style=\"height: 0px;\">\n<td style=\"width: 50%; height: 11px; text-align: center; background-color: #888b8d;\"><span style=\"color: white;\">TERCER MIEMBRO TITULAR<\/span><\/td>\n<td style=\"width: 50%; height: 11px; text-align: center; background-color: #888b8d;\"><span style=\"color: white;\">SUPLENTE<\/span><\/td>\n<\/tr>\n<tr style=\"height: 160px;\">\n<td style=\"width: 50%; height: 160px; text-align: center;\"><span><strong>Br. Ponciano de Jes\u00fas Trinidad<\/strong><\/span><\/p>\n<p><span>Auxiliar Administrativo del Instituto Estatal de Transporte<\/span><\/p>\n<p><strong>Tel\u00e9fono Oficina:<\/strong><span>\u00a0981 81 6 89 79<\/span><\/td>\n<td style=\"width: 50%; height: 160px; text-align: center;\"><strong>C. Mar\u00eda Guadalupe C\u00e1ceres Vera<\/strong><\/p>\n<p><span>Analista de la Coordinaci\u00f3n General Administrativa<\/span><\/p>\n<p><strong>Tel\u00e9fono Oficina:<\/strong><span>\u00a0981 81 1 92 27 Ext. 31351<\/span><\/td>\n<\/tr>\n<tr style=\"height: 24px;\">\n<td style=\"width: 50%; height: 24px; text-align: center; background-color: #888b8d;\"><span style=\"color: white;\">ORGANO INTEGRO DE CONTROL<\/span><\/td>\n<td style=\"width: 50%; height: 24px; text-align: center; background-color: #888b8d;\"><span style=\"color: white;\">SUPLENTE<\/span><\/td>\n<\/tr>\n<tr style=\"height: 24px;\">\n<td style=\"width: 50%; height: 24px; text-align: center;\"><span><strong>C.P. Fernando Enrique Acevedo Marentes<\/strong><\/span><\/p>\n<p><span>Titular del \u00d3rgano Interno<\/span><\/p>\n<p><strong>Tel\u00e9fono Oficina:<\/strong><span>\u00a0981 81 1 73 70<\/span><\/td>\n<td style=\"width: 50%; text-align: center;\">No cuenta con suplente<\/td>\n<\/tr>\n<\/tbody>\n<\/table>\n<p>[\/et_pb_text][\/et_pb_column][\/et_pb_row][\/et_pb_section]<\/p>\n","protected":false},"excerpt":{"rendered":"<p>DIRECTORIO DE LOS INTEGRANTES DEL COMIT\u00c9 DE \u00c9TICA DE LA SECRETAR\u00cdA DE GOBIERNO CORREO ELECTR\u00d3NICO DEL COMIT\u00c9 DE \u00c9TICA comite.etica.segob@gmail.com Directorio Presidente Suplente Mtro. Arturo Aguilar Ram\u00edrez Subsecretario de Asuntos Jur\u00eddicos y Derechos Humanos Tel\u00e9fono Oficina:\u00a0981 81 1 92 00 Ext. 31252 \u00a0Mtra. Nadia Selina Mendicuti Subdirectora de la Subsecretaria de Asuntos Jur\u00eddicos y Derechos [&hellip;]<\/p>\n","protected":false},"author":1,"featured_media":0,"parent":0,"menu_order":0,"comment_status":"closed","ping_status":"closed","template":"","meta":{"_acf_changed":false,"_et_pb_use_builder":"on","_et_pb_old_content":"","_et_gb_content_width":"","inline_featured_image":false,"footnotes":""},"class_list":["post-1584","page","type-page","status-publish","hentry"],"acf":[],"_links":{"self":[{"href":"https:\/\/agec.campeche.gob.mx\/index.php?rest_route=\/wp\/v2\/pages\/1584","targetHints":{"allow":["GET"]}}],"collection":[{"href":"https:\/\/agec.campeche.gob.mx\/index.php?rest_route=\/wp\/v2\/pages"}],"about":[{"href":"https:\/\/agec.campeche.gob.mx\/index.php?rest_route=\/wp\/v2\/types\/page"}],"author":[{"embeddable":true,"href":"https:\/\/agec.campeche.gob.mx\/index.php?rest_route=\/wp\/v2\/users\/1"}],"replies":[{"embeddable":true,"href":"https:\/\/agec.campeche.gob.mx\/index.php?rest_route=%2Fwp%2Fv2%2Fcomments&post=1584"}],"version-history":[{"count":7,"href":"https:\/\/agec.campeche.gob.mx\/index.php?rest_route=\/wp\/v2\/pages\/1584\/revisions"}],"predecessor-version":[{"id":2674,"href":"https:\/\/agec.campeche.gob.mx\/index.php?rest_route=\/wp\/v2\/pages\/1584\/revisions\/2674"}],"wp:attachment":[{"href":"https:\/\/agec.campeche.gob.mx\/index.php?rest_route=%2Fwp%2Fv2%2Fmedia&parent=1584"}],"curies":[{"name":"wp","href":"https:\/\/api.w.org\/{rel}","templated":true}]}}

<p>[et_pb_section fb_built=&#8221;1&#8243; _builder_version=&#8221;4.22.1&#8243; _module_preset=&#8221;default&#8221; global_colors_info=&#8221;{}&#8221;][et_pb_row _builder_version=&#8221;4.22.1&#8243; _module_preset=&#8221;default&#8221; global_colors_info=&#8221;{}&#8221;][et_pb_column type=&#8221;4_4&#8243; _builder_version=&#8221;4.22.1&#8243; _module_preset=&#8221;default&#8221; global_colors_info=&#8221;{}&#8221;][et_pb_text _builder_version=&#8221;4.23.1&#8243; _module_preset=&#8221;default&#8221; header_font=&#8221;||||||||&#8221; header_text_align=&#8221;center&#8221; header_text_color=&#8221;#691C32&#8243; hover_enabled=&#8221;0&#8243; global_colors_info=&#8221;{}&#8221; sticky_enabled=&#8221;0&#8243;]</p>
<h1><span><strong>DIRECTORIO DE LOS INTEGRANTES DEL</strong></span></h1>
<h1><span><strong>COMITÉ DE ÉTICA DE LA SECRETARÍA DE GOBIERNO</strong></span></h1>
<p>[/et_pb_text][/et_pb_column][/et_pb_row][et_pb_row _builder_version=&#8221;4.22.1&#8243; _module_preset=&#8221;default&#8221; global_colors_info=&#8221;{}&#8221;][et_pb_column type=&#8221;4_4&#8243; _builder_version=&#8221;4.22.1&#8243; _module_preset=&#8221;default&#8221; global_colors_info=&#8221;{}&#8221;][et_pb_text _builder_version=&#8221;4.23.1&#8243; _module_preset=&#8221;default&#8221; text_font_size=&#8221;20px&#8221; header_font_size=&#8221;25px&#8221; hover_enabled=&#8221;0&#8243; global_colors_info=&#8221;{}&#8221; sticky_enabled=&#8221;0&#8243;]</p>
<table border="5" style="border-collapse: collapse; width: 100%; height: 172px; border: 1px solid black;">
<tbody>
<tr style="height: 138px;">
<td style="width: 100%; height: 138px; background-color: #691C32;">
<h1 style="text-align: center;"><span style="color: white;">CORREO ELECTRÓNICO DEL COMITÉ DE ÉTICA </span></h1>
</td>
</tr>
<tr style="height: 24px;">
<td style="width: 100%; text-align: center; height: 24px;"><span style="color: black;">comite.etica.segob@gmail.com</span></td>
</tr>
<tr style="height: 10px;">
<td style="width: 100%; height: 10px; text-align: center; background-color: #53565a;"><span style="color: white;">Directorio</span></td>
</tr>
</tbody>
</table>
<p>[/et_pb_text][et_pb_text _builder_version=&#8221;4.23.1&#8243; _module_preset=&#8221;default&#8221; text_text_color=&#8221;#000000&#8243; text_font_size=&#8221;18px&#8221; custom_margin=&#8221;-31px|||||&#8221; custom_padding=&#8221;0px|||||&#8221; hover_enabled=&#8221;0&#8243; global_colors_info=&#8221;{}&#8221; sticky_enabled=&#8221;0&#8243;]</p>
<table border="1" style="border-collapse: collapse; width: 100%; height: 477px;">
<tbody>
<tr style="height: 24px;">
<td style="width: 50%; height: 24px; text-align: center; background-color: #691C32;"><span style="color: white;">Presidente</span></td>
<td style="width: 50%; height: 24px; text-align: center; background-color: #691C32;"><span style="color: white;">Suplente</span></td>
</tr>
<tr style="height: 160px;">
<td style="width: 50%; height: 160px; text-align: center;">
<p style="text-align: center;"><span><strong>Mtro. Arturo Aguilar Ramírez</strong></span></p>
<p style="text-align: center;"><span>Subsecretario de Asuntos Jurídicos y Derechos Humanos</span></p>
<p style="text-align: center;"><span><strong>Teléfono Oficina:</strong> 981 81 1 92 00 Ext. 31252</span></p>
</td>
<td style="width: 50%; height: 160px; text-align: center;">
<p style="text-align: center;"><span> <strong>Mtra. Nadia Selina Mendicuti</strong><br />
</span></p>
<p style="text-align: center;"><span>Subdirectora de la Subsecretaria de Asuntos Jurídicos y Derechos Humanos</span></p>
<p style="text-align: center;"><span><strong>Teléfono Oficina:</strong> 981 81 1 92 00 Ext. 31252</span></p>
</td>
</tr>
<tr style="height: 10px;">
<td style="width: 50%; height: 10px; text-align: center; background-color: #888b8d;"><span style="color: white;">SECRETARIO EJECUTIVO</span></td>
<td style="width: 50%; height: 10px; text-align: center; background-color: #888b8d;"><span style="color: white;">SUPLENTE</span></td>
</tr>
<tr style="height: 0px;">
<td style="width: 50%; height: 10px; text-align: center;">
<p style="text-align: center;"><span><strong>Lic. Esteban Manuel Can Moó</strong></span></p>
<p style="text-align: center;"><span>Director de Evaluación y Seguimiento</span></p>
<p style="text-align: center;"><span><strong>Teléfono Oficina:</strong> 981 81 1 92 00 Ext. 31402 y 31603</span></p>
</td>
<td style="width: 50%; height: 10px; text-align: center;"><span>No cuenta con suplente</span></td>
</tr>
<tr style="height: 0px;">
<td style="width: 50%; height: 10px; text-align: center; background-color: #888b8d;"><span style="color: white;">SECRETARIA TÉCNICA</span></td>
<td style="width: 50%; height: 10px; text-align: center; background-color: #888b8d;"><span style="color: white;">SUPLENTE</span></td>
</tr>
<tr style="height: 0px;">
<td style="width: 50%; height: 10px; text-align: center;"><span><strong>Mtra. Carla Mijairi Medina Chan</strong></span></p>
<p><span>Coordinadora de la Subsecretaría de Asuntos Jurídicos y Derechos Humanos.</span></p>
<p><strong>Teléfono Oficina:</strong><span> 981 81 1 92 00 Ext. 31252</span></td>
<td style="width: 50%; height: 10px; text-align: center;"><strong>Lic. Martin Antonio Huicab Kuc</strong></p>
<p><span>Director de Asuntos Agrarios</span></p>
<p><strong>Teléfono Oficina:</strong><span> 981 81 1 19 14</span></td>
</tr>
<tr align="center" style="height: 24px;">
<td style="width: 50%; height: 24px; text-align: center; background-color: #888b8d;"><span style="color: white;">SEGUNDO MIEMBRO TITULAR</span></td>
<td style="width: 50%; height: 24px; text-align: center; background-color: #888b8d;"><span style="color: white;">SUPLENTE</span></td>
</tr>
<tr style="height: 0px;">
<td style="width: 50%; height: 10px; text-align: center;"><span><strong>Lic. Rosario del Carmen Pacheco Zaragoza</strong></span></p>
<p><span>Directora de Control Notarial</span></p>
<p><strong>Teléfono Oficina:</strong><span> 981 81 1 92 00 Ext. 30501</span></td>
<td style="width: 50%; height: 10px; text-align: center;"><strong>C.P. Vicente del Jesús Chable  Huicab</strong></p>
<p><span>Jefe de Departamento de la Coordinación General Administrativa</span></p>
<p><strong>Teléfono Oficina:</strong><span> 981 81 1 92 27 Ext. 31506</span></td>
</tr>
<tr style="height: 0px;">
<td style="width: 50%; height: 11px; text-align: center; background-color: #888b8d;"><span style="color: white;">TERCER MIEMBRO TITULAR</span></td>
<td style="width: 50%; height: 11px; text-align: center; background-color: #888b8d;"><span style="color: white;">SUPLENTE</span></td>
</tr>
<tr style="height: 160px;">
<td style="width: 50%; height: 160px; text-align: center;"><span><strong>Br. Ponciano de Jesús Trinidad</strong></span></p>
<p><span>Auxiliar Administrativo del Instituto Estatal de Transporte</span></p>
<p><strong>Teléfono Oficina:</strong><span> 981 81 6 89 79</span></td>
<td style="width: 50%; height: 160px; text-align: center;"><strong>C. María Guadalupe Cáceres Vera</strong></p>
<p><span>Analista de la Coordinación General Administrativa</span></p>
<p><strong>Teléfono Oficina:</strong><span> 981 81 1 92 27 Ext. 31351</span></td>
</tr>
<tr style="height: 24px;">
<td style="width: 50%; height: 24px; text-align: center; background-color: #888b8d;"><span style="color: white;">ORGANO INTEGRO DE CONTROL</span></td>
<td style="width: 50%; height: 24px; text-align: center; background-color: #888b8d;"><span style="color: white;">SUPLENTE</span></td>
</tr>
<tr style="height: 24px;">
<td style="width: 50%; height: 24px; text-align: center;"><span><strong>C.P. Fernando Enrique Acevedo Marentes</strong></span></p>
<p><span>Titular del Órgano Interno</span></p>
<p><strong>Teléfono Oficina:</strong><span> 981 81 1 73 70</span></td>
<td style="width: 50%; text-align: center;">No cuenta con suplente</td>
</tr>
</tbody>
</table>
<p>[/et_pb_text][/et_pb_column][/et_pb_row][/et_pb_section]</p>

<p>DIRECTORIO DE LOS INTEGRANTES DEL COMITÉ DE ÉTICA DE LA SECRETARÍA DE GOBIERNO CORREO ELECTRÓNICO DEL COMITÉ DE ÉTICA comite.etica.segob@gmail.com Directorio Presidente Suplente Mtro. Arturo Aguilar Ramírez Subsecretario de Asuntos Jurídicos y Derechos Humanos Teléfono Oficina: 981 81 1 92 00 Ext. 31252  Mtra. Nadia Selina Mendicuti Subdirectora de la Subsecretaria de Asuntos Jurídicos y Derechos [&hellip;]</p>
