{"id":1803,"date":"2023-12-04T13:44:22","date_gmt":"2023-12-04T19:44:22","guid":{"rendered":"https:\/\/agec.campeche.gob.mx\/?page_id=1803"},"modified":"2023-12-04T13:44:22","modified_gmt":"2023-12-04T19:44:22","slug":"fraccion-iii","status":"publish","type":"page","link":"https:\/\/agec.campeche.gob.mx\/?page_id=1803","title":{"rendered":"Fraccion III"},"content":{"rendered":"<p>[et_pb_section fb_built=&#8221;1&#8243; theme_builder_area=&#8221;post_content&#8221; _builder_version=&#8221;4.22.1&#8243; _module_preset=&#8221;default&#8221;][et_pb_row _builder_version=&#8221;4.22.1&#8243; _module_preset=&#8221;default&#8221; theme_builder_area=&#8221;post_content&#8221;][et_pb_column _builder_version=&#8221;4.22.1&#8243; _module_preset=&#8221;default&#8221; type=&#8221;4_4&#8243; theme_builder_area=&#8221;post_content&#8221;][et_pb_text _builder_version=&#8221;4.22.1&#8243; _module_preset=&#8221;default&#8221; theme_builder_area=&#8221;post_content&#8221; hover_enabled=&#8221;0&#8243; sticky_enabled=&#8221;0&#8243;]<\/p>\n<h1><span>III. Facultades de cada \u00c1rea<\/span><\/h1>\n<p>[\/et_pb_text][et_pb_text _builder_version=&#8221;4.22.1&#8243; _module_preset=&#8221;default&#8221; theme_builder_area=&#8221;post_content&#8221; text_text_color=&#8221;#000000&#8243; hover_enabled=&#8221;0&#8243; sticky_enabled=&#8221;0&#8243;]<\/p>\n<p style=\"text-align: justify;\"><span>En cumplimiento a esta fracci\u00f3n, los Sujetos Obligados publicar\u00e1n las facultades respecto de cada una de las \u00e1reas previstas en el Reglamento Interior, Estatuto Org\u00e1nico o Normatividad equivalente respectiva, entendidas \u00e9stas como las aptitudes o potestades que les otorga la Ley para para llevar a cabo Actos Administrativos y\/o Legales v\u00e1lidos, de los cuales surgen obligaciones, derechos y atribuciones.<\/span><\/p>\n<div class=\"tabbable\"><\/div>\n<p>[\/et_pb_text][et_pb_tabs _builder_version=&#8221;4.22.1&#8243; _module_preset=&#8221;default&#8221; theme_builder_area=&#8221;post_content&#8221; hover_enabled=&#8221;0&#8243; sticky_enabled=&#8221;0&#8243;][et_pb_tab title=&#8221;2021&#8243; _builder_version=&#8221;4.22.1&#8243; _module_preset=&#8221;default&#8221; theme_builder_area=&#8221;post_content&#8221; hover_enabled=&#8221;0&#8243; sticky_enabled=&#8221;0&#8243;]<\/p>\n<div id=\"21\" class=\"tab-pane active\">\n<p style=\"text-align: justify;\"><span class=\"fa fa-refresh\" style=\"font-family: arial, helvetica, sans-serif; color: #000000;\"> Per\u00edodo de Actualizaci\u00f3n:<strong>&nbsp;Trimestral<\/strong><\/span><br \/><span class=\"fa fa-calendar\" style=\"font-family: arial, helvetica, sans-serif; color: #000000;\"> Fecha de Actualizaci\u00f3n: <strong style=\"font-family: arial, helvetica, sans-serif;\">07\/01\/202<\/strong><\/span><br \/><span class=\"fa fa-calendar\" style=\"font-family: arial, helvetica, sans-serif; color: #000000;\"> Fecha de Validaci\u00f3n: <strong style=\"font-family: arial, helvetica, sans-serif;\">07\/01\/2022<\/strong><\/span><br \/><span class=\"fa fa-pencil-square-o\" style=\"font-family: arial, helvetica, sans-serif; color: #000000;\"> Unidad(es) Administrativa(s) que genera(n) o posee(n) la Informaci\u00f3n:&nbsp;<\/span><span style=\"font-family: arial, helvetica, sans-serif; color: #000000;\"><strong>\u00c1reas y\/o Coordinaciones Administrativas de: SEGOB, CESP, COESPO, IET, AGEC, SIPINNA, COMBUSPERCAM.<\/strong><\/span><\/p>\n<hr>\n<p>&nbsp;<a href=\"https:\/\/drive.google.com\/uc?export=download&amp;id=10Qx4BCgHrmhs2VJNNycHy85WPhRvI8yl\" target=\"_blank\" rel=\"noopener noreferrer\"><button type=\"button\" class=\"btn btn-large btn-success\"><em class=\"fa fa-file-excel-o\"> Descargar Excel<\/em><\/button> <\/a> <a href=\"https:\/\/drive.google.com\/open?id=10Qx4BCgHrmhs2VJNNycHy85WPhRvI8yl\" target=\"_blank\" rel=\"noopener noreferrer\"> <button type=\"button\" class=\"btn btn-large btn-danger\"><em class=\"fa fa-eye\"> Ver Online<\/em><\/button> <\/a> <span style=\"padding-left: 20px;\"> <span class=\"fa fa-hand-o-left\"><\/span> Descargue y\/o visualice aqu\u00ed<\/span><\/p>\n<hr>\n<\/div>\n<p>[\/et_pb_tab][et_pb_tab title=&#8221;2020&#8243; _builder_version=&#8221;4.22.1&#8243; _module_preset=&#8221;default&#8221; theme_builder_area=&#8221;post_content&#8221; hover_enabled=&#8221;0&#8243; sticky_enabled=&#8221;0&#8243;]<\/p>\n<div id=\"20\" class=\"tab-pane active\">\n<p style=\"text-align: justify;\"><span class=\"fa fa-refresh\" style=\"font-family: arial, helvetica, sans-serif; color: #000000;\"> Per\u00edodo de Actualizaci\u00f3n:<strong>&nbsp;Trimestral<\/strong><\/span><br \/><span class=\"fa fa-calendar\" style=\"font-family: arial, helvetica, sans-serif; color: #000000;\"> Fecha de Actualizaci\u00f3n: <strong style=\"font-family: arial, helvetica, sans-serif;\">11\/01\/2021<\/strong><\/span><br \/><span class=\"fa fa-calendar\" style=\"font-family: arial, helvetica, sans-serif; color: #000000;\"> Fecha de Validaci\u00f3n: <strong style=\"font-family: arial, helvetica, sans-serif;\">11\/01\/2021<\/strong><\/span><br \/><span class=\"fa fa-pencil-square-o\" style=\"font-family: arial, helvetica, sans-serif; color: #000000;\"> Unidad(es) Administrativa(s) que genera(n) o posee(n) la Informaci\u00f3n:&nbsp;<\/span><span style=\"font-family: arial, helvetica, sans-serif; color: #000000;\"><strong>\u00c1reas y\/o Coordinaciones Administrativas de: SEGOB, CESP, COESPO, IET, AGEC Y SIPINNA. <\/strong><\/span><\/p>\n<hr>\n<p>&nbsp;<a href=\"https:\/\/drive.google.com\/uc?export=download&amp;id=1oraAHHSCur7uuDYTRjARtsa5inY6zNLa\" target=\"_blank\" rel=\"noopener noreferrer\"><button type=\"button\" class=\"btn btn-large btn-success\"><em class=\"fa fa-file-excel-o\"> Descargar Excel<\/em><\/button> <\/a> <a href=\"https:\/\/drive.google.com\/open?id=1oraAHHSCur7uuDYTRjARtsa5inY6zNLa\" target=\"_blank\" rel=\"noopener noreferrer\"> <button type=\"button\" class=\"btn btn-large btn-danger\"><em class=\"fa fa-eye\"> Ver Online<\/em><\/button> <\/a> <span style=\"padding-left: 20px;\"> <span class=\"fa fa-hand-o-left\"><\/span> Descargue y\/o visualice aqu\u00ed<\/span><\/p>\n<hr>\n<\/div>\n<p>[\/et_pb_tab][et_pb_tab title=&#8221;2019&#8243; _builder_version=&#8221;4.22.1&#8243; _module_preset=&#8221;default&#8221; theme_builder_area=&#8221;post_content&#8221; hover_enabled=&#8221;0&#8243; sticky_enabled=&#8221;0&#8243;]<\/p>\n<div id=\"19\" class=\"tab-pane active\">\n<p style=\"text-align: justify;\"><span class=\"fa fa-refresh\" style=\"font-family: arial, helvetica, sans-serif; color: #000000;\"> Periodo de actualizaci\u00f3n:<strong>&nbsp;Trimestral<\/strong><\/span><br \/><span class=\"fa fa-calendar\" style=\"font-family: arial, helvetica, sans-serif; color: #000000;\"> Fecha de actualizaci\u00f3n: <strong style=\"font-family: arial, helvetica, sans-serif;\">10\/01\/2020<\/strong><\/span><br \/><span class=\"fa fa-calendar\" style=\"font-family: arial, helvetica, sans-serif; color: #000000;\"> Fecha de validaci\u00f3n: <strong style=\"font-family: arial, helvetica, sans-serif;\">10\/01\/2020<\/strong><\/span><br \/><span class=\"fa fa-pencil-square-o\" style=\"font-family: arial, helvetica, sans-serif; color: #000000;\"> Unidad(es) Administrativa(s) que genera(n) o posee(n) la informaci\u00f3n:&nbsp;<\/span><span style=\"font-family: arial, helvetica, sans-serif; color: #000000;\"><strong>\u00c1reas y\/o Coordinaciones Administrativas de: SEGOB, CESP, COESPO, IET, AGEC Y SIPINNA.<\/strong><\/span><\/p>\n<hr>\n<p>&nbsp;<a href=\"https:\/\/drive.google.com\/uc?export=download&amp;id=1jPBGtCrxo7wkg7_bghyLaMUskGOtqE9u\" target=\"_blank\" rel=\"noopener noreferrer\"><button type=\"button\" class=\"btn btn-large btn-success\"><em class=\"fa fa-file-excel-o\"> Descargar Excel<\/em><\/button> <\/a> <a href=\"https:\/\/drive.google.com\/open?id=1jPBGtCrxo7wkg7_bghyLaMUskGOtqE9u\" target=\"_blank\" rel=\"noopener noreferrer\"> <button type=\"button\" class=\"btn btn-large btn-danger\"><em class=\"fa fa-eye\"> Ver Online<\/em><\/button> <\/a> <span style=\"padding-left: 20px;\"> <span class=\"fa fa-hand-o-left\"><\/span> Descargue y\/o visualice aqu\u00ed<\/span><\/p>\n<hr>\n<\/div>\n<p>[\/et_pb_tab][et_pb_tab title=&#8221;2018&#8243; _builder_version=&#8221;4.22.1&#8243; _module_preset=&#8221;default&#8221; theme_builder_area=&#8221;post_content&#8221; hover_enabled=&#8221;0&#8243; sticky_enabled=&#8221;0&#8243;]<\/p>\n<div id=\"18\" class=\"tab-pane active\">\n<p style=\"text-align: justify;\"><span class=\"fa fa-refresh\" style=\"font-family: arial, helvetica, sans-serif; color: #000000;\"> Per\u00edodo de Actualizaci\u00f3n:<strong>&nbsp;Trimestral<\/strong><\/span><br \/><span class=\"fa fa-calendar\" style=\"font-family: arial, helvetica, sans-serif; color: #000000;\"> Fecha de Actualizaci\u00f3n: <strong style=\"font-family: arial, helvetica, sans-serif;\">08\/01\/2019<\/strong><\/span><br \/><span class=\"fa fa-calendar\" style=\"font-family: arial, helvetica, sans-serif; color: #000000;\"> Fecha de Validaci\u00f3n: <strong style=\"font-family: arial, helvetica, sans-serif;\">08\/01\/2019<\/strong><\/span><br \/><span class=\"fa fa-pencil-square-o\" style=\"font-family: arial, helvetica, sans-serif; color: #000000;\"> Unidad(es) Administrativa(s) que genera(n) o posee(n) la Informaci\u00f3n:&nbsp;<\/span><span style=\"font-family: arial, helvetica, sans-serif; color: #000000;\"><strong>Archivo General del Estado de Campeche (AGEC)<\/strong><\/span><\/p>\n<hr>\n<p>&nbsp;<a href=\"https:\/\/drive.google.com\/uc?export=download&amp;id=12vhNm3aM13Eree-7JpMOnQ80QcNyu9fl\" target=\"_blank\" rel=\"noopener\"><button type=\"button\" class=\"btn btn-large btn-success\"><em class=\"fa fa-file-excel-o\"> Descargar Excel<\/em><\/button> <\/a> <a href=\"https:\/\/drive.google.com\/open?id=12vhNm3aM13Eree-7JpMOnQ80QcNyu9fl\" target=\"_blank\" class=\"jcepopup noicon\" rel=\"noopener noreferrer\"> <button type=\"button\" class=\"btn btn-large btn-danger\"><em class=\"fa fa-eye\"> Ver Online<\/em><\/button> <\/a> <span style=\"padding-left: 20px;\"> <span class=\"fa fa-hand-o-left\"><\/span> Descargue y\/o visualice aqu\u00ed<\/span><\/p>\n<hr>\n<\/div>\n<p>[\/et_pb_tab][et_pb_tab title=&#8221;2017&#8243; _builder_version=&#8221;4.22.1&#8243; _module_preset=&#8221;default&#8221; theme_builder_area=&#8221;post_content&#8221; hover_enabled=&#8221;0&#8243; sticky_enabled=&#8221;0&#8243;]<\/p>\n<div id=\"17\" class=\"tab-pane active\">\n<p><span class=\"fa fa-refresh\" style=\"font-family: arial, helvetica, sans-serif; color: #333333;\"> Per\u00edodo de Actualizaci\u00f3n:&nbsp;<span style=\"color: #000000;\"><strong>Trimestral<\/strong><\/span><\/span><br \/><span class=\"fa fa-calendar\" style=\"font-family: arial, helvetica, sans-serif; color: #333333;\"> Fecha de Actualizaci\u00f3n: <span style=\"color: #000000;\"><strong>12\/01\/2018<\/strong><\/span><\/span><br \/><span class=\"fa fa-calendar\" style=\"font-family: arial, helvetica, sans-serif; color: #333333;\"> Fecha de Validaci\u00f3n:<strong>&nbsp;<span style=\"color: #000000;\">12\/01\/2018<\/span><\/strong><\/span><br \/><span class=\"fa fa-pencil-square-o\" style=\"font-family: arial, helvetica, sans-serif; color: #333333;\"> Unidad(es) Administrativa(s) que genera(n) o posee(n) la Informaci\u00f3n: <strong style=\"font-family: arial, helvetica, sans-serif; text-align: justify;\">Archivo General del Estado del Estado de Campeche (AGEC)<\/strong><\/span><\/p>\n<hr>\n<p>&nbsp;<a href=\"https:\/\/drive.google.com\/uc?export=download&amp;id=107KBc28IDfrgL1B1XW8_qpnQgm7jyXPs\" target=\"_blank\" rel=\"noopener noreferrer\"><button type=\"button\" class=\"btn btn-large btn-success\"><em class=\"fa fa-file-excel-o\"> Descargar Excel<\/em><\/button> <\/a> <a href=\"https:\/\/drive.google.com\/open?id=107KBc28IDfrgL1B1XW8_qpnQgm7jyXPs\" target=\"_blank\" rel=\"noopener noreferrer\"> <button type=\"button\" class=\"btn btn-large btn-danger\"><em class=\"fa fa-eye\"> Ver Online<\/em><\/button> <\/a> <span style=\"padding-left: 20px;\"> <span class=\"fa fa-hand-o-left\"><\/span> Descargue y\/o visualice aqu\u00ed<\/span><\/p>\n<hr>\n<\/div>\n<p>[\/et_pb_tab][\/et_pb_tabs][\/et_pb_column][\/et_pb_row][\/et_pb_section]<\/p>\n","protected":false},"excerpt":{"rendered":"<p>III. Facultades de cada \u00c1reaEn cumplimiento a esta fracci\u00f3n, los Sujetos Obligados publicar\u00e1n las facultades respecto de cada una de las \u00e1reas previstas en el Reglamento Interior, Estatuto Org\u00e1nico o Normatividad equivalente respectiva, entendidas \u00e9stas como las aptitudes o potestades que les otorga la Ley para para llevar a cabo Actos Administrativos y\/o Legales v\u00e1lidos, [&hellip;]<\/p>\n","protected":false},"author":1,"featured_media":0,"parent":0,"menu_order":0,"comment_status":"closed","ping_status":"closed","template":"","meta":{"_acf_changed":false,"_et_pb_use_builder":"on","_et_pb_old_content":"","_et_gb_content_width":"","inline_featured_image":false,"footnotes":""},"class_list":["post-1803","page","type-page","status-publish","hentry"],"acf":[],"_links":{"self":[{"href":"https:\/\/agec.campeche.gob.mx\/index.php?rest_route=\/wp\/v2\/pages\/1803","targetHints":{"allow":["GET"]}}],"collection":[{"href":"https:\/\/agec.campeche.gob.mx\/index.php?rest_route=\/wp\/v2\/pages"}],"about":[{"href":"https:\/\/agec.campeche.gob.mx\/index.php?rest_route=\/wp\/v2\/types\/page"}],"author":[{"embeddable":true,"href":"https:\/\/agec.campeche.gob.mx\/index.php?rest_route=\/wp\/v2\/users\/1"}],"replies":[{"embeddable":true,"href":"https:\/\/agec.campeche.gob.mx\/index.php?rest_route=%2Fwp%2Fv2%2Fcomments&post=1803"}],"version-history":[{"count":2,"href":"https:\/\/agec.campeche.gob.mx\/index.php?rest_route=\/wp\/v2\/pages\/1803\/revisions"}],"predecessor-version":[{"id":1806,"href":"https:\/\/agec.campeche.gob.mx\/index.php?rest_route=\/wp\/v2\/pages\/1803\/revisions\/1806"}],"wp:attachment":[{"href":"https:\/\/agec.campeche.gob.mx\/index.php?rest_route=%2Fwp%2Fv2%2Fmedia&parent=1803"}],"curies":[{"name":"wp","href":"https:\/\/api.w.org\/{rel}","templated":true}]}}

<p>[et_pb_section fb_built=&#8221;1&#8243; theme_builder_area=&#8221;post_content&#8221; _builder_version=&#8221;4.22.1&#8243; _module_preset=&#8221;default&#8221;][et_pb_row _builder_version=&#8221;4.22.1&#8243; _module_preset=&#8221;default&#8221; theme_builder_area=&#8221;post_content&#8221;][et_pb_column _builder_version=&#8221;4.22.1&#8243; _module_preset=&#8221;default&#8221; type=&#8221;4_4&#8243; theme_builder_area=&#8221;post_content&#8221;][et_pb_text _builder_version=&#8221;4.22.1&#8243; _module_preset=&#8221;default&#8221; theme_builder_area=&#8221;post_content&#8221; hover_enabled=&#8221;0&#8243; sticky_enabled=&#8221;0&#8243;]</p>
<h1><span>III. Facultades de cada Área</span></h1>
<p>[/et_pb_text][et_pb_text _builder_version=&#8221;4.22.1&#8243; _module_preset=&#8221;default&#8221; theme_builder_area=&#8221;post_content&#8221; text_text_color=&#8221;#000000&#8243; hover_enabled=&#8221;0&#8243; sticky_enabled=&#8221;0&#8243;]</p>
<p style="text-align: justify;"><span>En cumplimiento a esta fracción, los Sujetos Obligados publicarán las facultades respecto de cada una de las áreas previstas en el Reglamento Interior, Estatuto Orgánico o Normatividad equivalente respectiva, entendidas éstas como las aptitudes o potestades que les otorga la Ley para para llevar a cabo Actos Administrativos y/o Legales válidos, de los cuales surgen obligaciones, derechos y atribuciones.</span></p>
<div class="tabbable"></div>
<p>[/et_pb_text][et_pb_tabs _builder_version=&#8221;4.22.1&#8243; _module_preset=&#8221;default&#8221; theme_builder_area=&#8221;post_content&#8221; hover_enabled=&#8221;0&#8243; sticky_enabled=&#8221;0&#8243;][et_pb_tab title=&#8221;2021&#8243; _builder_version=&#8221;4.22.1&#8243; _module_preset=&#8221;default&#8221; theme_builder_area=&#8221;post_content&#8221; hover_enabled=&#8221;0&#8243; sticky_enabled=&#8221;0&#8243;]</p>
<div id="21" class="tab-pane active">
<p style="text-align: justify;"><span class="fa fa-refresh" style="font-family: arial, helvetica, sans-serif; color: #000000;"> Período de Actualización:<strong>&nbsp;Trimestral</strong></span><br /><span class="fa fa-calendar" style="font-family: arial, helvetica, sans-serif; color: #000000;"> Fecha de Actualización: <strong style="font-family: arial, helvetica, sans-serif;">07/01/202</strong></span><br /><span class="fa fa-calendar" style="font-family: arial, helvetica, sans-serif; color: #000000;"> Fecha de Validación: <strong style="font-family: arial, helvetica, sans-serif;">07/01/2022</strong></span><br /><span class="fa fa-pencil-square-o" style="font-family: arial, helvetica, sans-serif; color: #000000;"> Unidad(es) Administrativa(s) que genera(n) o posee(n) la Información:&nbsp;</span><span style="font-family: arial, helvetica, sans-serif; color: #000000;"><strong>Áreas y/o Coordinaciones Administrativas de: SEGOB, CESP, COESPO, IET, AGEC, SIPINNA, COMBUSPERCAM.</strong></span></p>
<hr>
<p>&nbsp;<a href="https://drive.google.com/uc?export=download&amp;id=10Qx4BCgHrmhs2VJNNycHy85WPhRvI8yl" target="_blank" rel="noopener noreferrer"><button type="button" class="btn btn-large btn-success"><em class="fa fa-file-excel-o"> Descargar Excel</em></button> </a> <a href="https://drive.google.com/open?id=10Qx4BCgHrmhs2VJNNycHy85WPhRvI8yl" target="_blank" rel="noopener noreferrer"> <button type="button" class="btn btn-large btn-danger"><em class="fa fa-eye"> Ver Online</em></button> </a> <span style="padding-left: 20px;"> <span class="fa fa-hand-o-left"></span> Descargue y/o visualice aquí</span></p>
<hr>
</div>
<p>[/et_pb_tab][et_pb_tab title=&#8221;2020&#8243; _builder_version=&#8221;4.22.1&#8243; _module_preset=&#8221;default&#8221; theme_builder_area=&#8221;post_content&#8221; hover_enabled=&#8221;0&#8243; sticky_enabled=&#8221;0&#8243;]</p>
<div id="20" class="tab-pane active">
<p style="text-align: justify;"><span class="fa fa-refresh" style="font-family: arial, helvetica, sans-serif; color: #000000;"> Período de Actualización:<strong>&nbsp;Trimestral</strong></span><br /><span class="fa fa-calendar" style="font-family: arial, helvetica, sans-serif; color: #000000;"> Fecha de Actualización: <strong style="font-family: arial, helvetica, sans-serif;">11/01/2021</strong></span><br /><span class="fa fa-calendar" style="font-family: arial, helvetica, sans-serif; color: #000000;"> Fecha de Validación: <strong style="font-family: arial, helvetica, sans-serif;">11/01/2021</strong></span><br /><span class="fa fa-pencil-square-o" style="font-family: arial, helvetica, sans-serif; color: #000000;"> Unidad(es) Administrativa(s) que genera(n) o posee(n) la Información:&nbsp;</span><span style="font-family: arial, helvetica, sans-serif; color: #000000;"><strong>Áreas y/o Coordinaciones Administrativas de: SEGOB, CESP, COESPO, IET, AGEC Y SIPINNA. </strong></span></p>
<hr>
<p>&nbsp;<a href="https://drive.google.com/uc?export=download&amp;id=1oraAHHSCur7uuDYTRjARtsa5inY6zNLa" target="_blank" rel="noopener noreferrer"><button type="button" class="btn btn-large btn-success"><em class="fa fa-file-excel-o"> Descargar Excel</em></button> </a> <a href="https://drive.google.com/open?id=1oraAHHSCur7uuDYTRjARtsa5inY6zNLa" target="_blank" rel="noopener noreferrer"> <button type="button" class="btn btn-large btn-danger"><em class="fa fa-eye"> Ver Online</em></button> </a> <span style="padding-left: 20px;"> <span class="fa fa-hand-o-left"></span> Descargue y/o visualice aquí</span></p>
<hr>
</div>
<p>[/et_pb_tab][et_pb_tab title=&#8221;2019&#8243; _builder_version=&#8221;4.22.1&#8243; _module_preset=&#8221;default&#8221; theme_builder_area=&#8221;post_content&#8221; hover_enabled=&#8221;0&#8243; sticky_enabled=&#8221;0&#8243;]</p>
<div id="19" class="tab-pane active">
<p style="text-align: justify;"><span class="fa fa-refresh" style="font-family: arial, helvetica, sans-serif; color: #000000;"> Periodo de actualización:<strong>&nbsp;Trimestral</strong></span><br /><span class="fa fa-calendar" style="font-family: arial, helvetica, sans-serif; color: #000000;"> Fecha de actualización: <strong style="font-family: arial, helvetica, sans-serif;">10/01/2020</strong></span><br /><span class="fa fa-calendar" style="font-family: arial, helvetica, sans-serif; color: #000000;"> Fecha de validación: <strong style="font-family: arial, helvetica, sans-serif;">10/01/2020</strong></span><br /><span class="fa fa-pencil-square-o" style="font-family: arial, helvetica, sans-serif; color: #000000;"> Unidad(es) Administrativa(s) que genera(n) o posee(n) la información:&nbsp;</span><span style="font-family: arial, helvetica, sans-serif; color: #000000;"><strong>Áreas y/o Coordinaciones Administrativas de: SEGOB, CESP, COESPO, IET, AGEC Y SIPINNA.</strong></span></p>
<hr>
<p>&nbsp;<a href="https://drive.google.com/uc?export=download&amp;id=1jPBGtCrxo7wkg7_bghyLaMUskGOtqE9u" target="_blank" rel="noopener noreferrer"><button type="button" class="btn btn-large btn-success"><em class="fa fa-file-excel-o"> Descargar Excel</em></button> </a> <a href="https://drive.google.com/open?id=1jPBGtCrxo7wkg7_bghyLaMUskGOtqE9u" target="_blank" rel="noopener noreferrer"> <button type="button" class="btn btn-large btn-danger"><em class="fa fa-eye"> Ver Online</em></button> </a> <span style="padding-left: 20px;"> <span class="fa fa-hand-o-left"></span> Descargue y/o visualice aquí</span></p>
<hr>
</div>
<p>[/et_pb_tab][et_pb_tab title=&#8221;2018&#8243; _builder_version=&#8221;4.22.1&#8243; _module_preset=&#8221;default&#8221; theme_builder_area=&#8221;post_content&#8221; hover_enabled=&#8221;0&#8243; sticky_enabled=&#8221;0&#8243;]</p>
<div id="18" class="tab-pane active">
<p style="text-align: justify;"><span class="fa fa-refresh" style="font-family: arial, helvetica, sans-serif; color: #000000;"> Período de Actualización:<strong>&nbsp;Trimestral</strong></span><br /><span class="fa fa-calendar" style="font-family: arial, helvetica, sans-serif; color: #000000;"> Fecha de Actualización: <strong style="font-family: arial, helvetica, sans-serif;">08/01/2019</strong></span><br /><span class="fa fa-calendar" style="font-family: arial, helvetica, sans-serif; color: #000000;"> Fecha de Validación: <strong style="font-family: arial, helvetica, sans-serif;">08/01/2019</strong></span><br /><span class="fa fa-pencil-square-o" style="font-family: arial, helvetica, sans-serif; color: #000000;"> Unidad(es) Administrativa(s) que genera(n) o posee(n) la Información:&nbsp;</span><span style="font-family: arial, helvetica, sans-serif; color: #000000;"><strong>Archivo General del Estado de Campeche (AGEC)</strong></span></p>
<hr>
<p>&nbsp;<a href="https://drive.google.com/uc?export=download&amp;id=12vhNm3aM13Eree-7JpMOnQ80QcNyu9fl" target="_blank" rel="noopener"><button type="button" class="btn btn-large btn-success"><em class="fa fa-file-excel-o"> Descargar Excel</em></button> </a> <a href="https://drive.google.com/open?id=12vhNm3aM13Eree-7JpMOnQ80QcNyu9fl" target="_blank" class="jcepopup noicon" rel="noopener noreferrer"> <button type="button" class="btn btn-large btn-danger"><em class="fa fa-eye"> Ver Online</em></button> </a> <span style="padding-left: 20px;"> <span class="fa fa-hand-o-left"></span> Descargue y/o visualice aquí</span></p>
<hr>
</div>
<p>[/et_pb_tab][et_pb_tab title=&#8221;2017&#8243; _builder_version=&#8221;4.22.1&#8243; _module_preset=&#8221;default&#8221; theme_builder_area=&#8221;post_content&#8221; hover_enabled=&#8221;0&#8243; sticky_enabled=&#8221;0&#8243;]</p>
<div id="17" class="tab-pane active">
<p><span class="fa fa-refresh" style="font-family: arial, helvetica, sans-serif; color: #333333;"> Período de Actualización:&nbsp;<span style="color: #000000;"><strong>Trimestral</strong></span></span><br /><span class="fa fa-calendar" style="font-family: arial, helvetica, sans-serif; color: #333333;"> Fecha de Actualización: <span style="color: #000000;"><strong>12/01/2018</strong></span></span><br /><span class="fa fa-calendar" style="font-family: arial, helvetica, sans-serif; color: #333333;"> Fecha de Validación:<strong>&nbsp;<span style="color: #000000;">12/01/2018</span></strong></span><br /><span class="fa fa-pencil-square-o" style="font-family: arial, helvetica, sans-serif; color: #333333;"> Unidad(es) Administrativa(s) que genera(n) o posee(n) la Información: <strong style="font-family: arial, helvetica, sans-serif; text-align: justify;">Archivo General del Estado del Estado de Campeche (AGEC)</strong></span></p>
<hr>
<p>&nbsp;<a href="https://drive.google.com/uc?export=download&amp;id=107KBc28IDfrgL1B1XW8_qpnQgm7jyXPs" target="_blank" rel="noopener noreferrer"><button type="button" class="btn btn-large btn-success"><em class="fa fa-file-excel-o"> Descargar Excel</em></button> </a> <a href="https://drive.google.com/open?id=107KBc28IDfrgL1B1XW8_qpnQgm7jyXPs" target="_blank" rel="noopener noreferrer"> <button type="button" class="btn btn-large btn-danger"><em class="fa fa-eye"> Ver Online</em></button> </a> <span style="padding-left: 20px;"> <span class="fa fa-hand-o-left"></span> Descargue y/o visualice aquí</span></p>
<hr>
</div>
<p>[/et_pb_tab][/et_pb_tabs][/et_pb_column][/et_pb_row][/et_pb_section]</p>

<p>III. Facultades de cada ÁreaEn cumplimiento a esta fracción, los Sujetos Obligados publicarán las facultades respecto de cada una de las áreas previstas en el Reglamento Interior, Estatuto Orgánico o Normatividad equivalente respectiva, entendidas éstas como las aptitudes o potestades que les otorga la Ley para para llevar a cabo Actos Administrativos y/o Legales válidos, [&hellip;]</p>
