{"id":1889,"date":"2024-01-15T12:26:54","date_gmt":"2024-01-15T18:26:54","guid":{"rendered":"https:\/\/agec.campeche.gob.mx\/?page_id=1889"},"modified":"2024-01-15T12:31:10","modified_gmt":"2024-01-15T18:31:10","slug":"fraccion-1-a_ped-2020","status":"publish","type":"page","link":"https:\/\/agec.campeche.gob.mx\/?page_id=1889","title":{"rendered":"Fraccion 1-A_PED 2020"},"content":{"rendered":"<p>[et_pb_section fb_built=&#8221;1&#8243; _builder_version=&#8221;4.23.1&#8243; _module_preset=&#8221;default&#8221; global_colors_info=&#8221;{}&#8221;][et_pb_row _builder_version=&#8221;4.23.1&#8243; _module_preset=&#8221;default&#8221; global_colors_info=&#8221;{}&#8221;][et_pb_column type=&#8221;4_4&#8243; _builder_version=&#8221;4.23.1&#8243; _module_preset=&#8221;default&#8221; global_colors_info=&#8221;{}&#8221;][et_pb_text _builder_version=&#8221;4.23.1&#8243; _module_preset=&#8221;default&#8221; global_colors_info=&#8221;{}&#8221;]<\/p>\n<h1 style=\"text-align: justify;\"><span>I-A. El Plan Nacional de Desarrollo, los Planes Estatales de Desarrollo o el Programa General de Desarrollo del Distrito Federal, seg\u00fan corresponda.<\/span><\/h1>\n<p>[\/et_pb_text][et_pb_text _builder_version=&#8221;4.23.1&#8243; _module_preset=&#8221;default&#8221; text_text_color=&#8221;#000000&#8243; global_colors_info=&#8221;{}&#8221;]<\/p>\n<p style=\"text-align: justify;\"><span>La Constituci\u00f3n Pol\u00edtica de los Estados Unidos Mexicanos establece en su Art\u00edculo 26, Inciso A, que \u201cel Estado organizar\u00e1 un sistema de Planeaci\u00f3n Democr\u00e1tica del Desarrollo Nacional que imprima solidez, dinamismo, competitividad, permanencia y equidad al crecimiento de la econom\u00eda para la Independencia y la Democratizaci\u00f3n Pol\u00edtica, Social y Cultural de la Naci\u00f3n\u201d, as\u00ed como que el proyecto de Naci\u00f3n delineado en la Constituci\u00f3n Pol\u00edtica debe ser la base de los objetivos de la planeaci\u00f3n en M\u00e9xico.<\/span><br \/><span>Los instrumentos que permiten visibilizar la Pol\u00edtica P\u00fablica para el Desarrollo Nacional, Estatal y Municipal, son los planes\u00a0elaborados por los Poderes Ejecutivos de los \u00d3rdenes de Gobierno, los cuales deben ser congruentes y realizarse y\u00a0desarrollarse de manera coordinada.<\/span><\/p>\n<p style=\"text-align: justify;\"><span class=\"fa fa-refresh\"><span>\u00a0<\/span>Per\u00edodo de Actualizaci\u00f3n:\u00a0<span><strong>Anual<\/strong><\/span><\/span><br \/><span class=\"fa fa-calendar\"><span>\u00a0<\/span>Fecha de Actualizaci\u00f3n:<span>\u00a0<\/span><strong>08\/04\/2020<\/strong><\/span><br \/><span class=\"fa fa-calendar\"><span>\u00a0<\/span>Fecha de Validaci\u00f3n:<strong><span>\u00a0<\/span>08\/04\/2020<\/strong><\/span><br \/><span class=\"fa fa-pencil-square-o\"><span>\u00a0<\/span>Unidad(es) Administrativa(s) que genera(n) o posee(n) la Informaci\u00f3n:<span>\u00a0<\/span><span><strong>Unidad de Transparencia de la Secretar\u00eda General de Gobierno<\/strong><\/span><\/span><\/p>\n<p>[\/et_pb_text][et_pb_text _builder_version=&#8221;4.23.1&#8243; _module_preset=&#8221;default&#8221; hover_enabled=&#8221;0&#8243; global_colors_info=&#8221;{}&#8221; sticky_enabled=&#8221;0&#8243;]<\/p>\n<p><a href=\"https:\/\/agec.campeche.gob.mx\/wp-content\/uploads\/ART.-75-1-A-PLAN-NACIONAL-DE-DESARROLLO.xls\" target=\"_blank\" rel=\"noopener noreferrer\"><button type=\"button\" class=\"btn btn-large btn-success\"><em class=\"fa fa-file-excel-o\"> Descargar Excel<\/em><\/button> <\/a> <a href=\"https:\/\/agec.campeche.gob.mx\/wp-content\/uploads\/ART.-75-1-A-PLAN-NACIONAL-DE-DESARROLLO.xls\" target=\"_blank\" rel=\"noopener noreferrer\"> <button type=\"button\" class=\"btn btn-large btn-danger\"><em class=\"fa fa-eye\"> Ver Online<\/em><\/button> <\/a> <span style=\"padding-left: 20px;\"> <span class=\"fa fa-hand-o-left\"><\/span> Descargue y\/o visualice aqu\u00ed<\/span><\/p>\n<p>[\/et_pb_text][\/et_pb_column][\/et_pb_row][\/et_pb_section]<\/p>\n","protected":false},"excerpt":{"rendered":"<p>I-A. El Plan Nacional de Desarrollo, los Planes Estatales de Desarrollo o el Programa General de Desarrollo del Distrito Federal, seg\u00fan corresponda.La Constituci\u00f3n Pol\u00edtica de los Estados Unidos Mexicanos establece en su Art\u00edculo 26, Inciso A, que \u201cel Estado organizar\u00e1 un sistema de Planeaci\u00f3n Democr\u00e1tica del Desarrollo Nacional que imprima solidez, dinamismo, competitividad, permanencia y [&hellip;]<\/p>\n","protected":false},"author":1,"featured_media":0,"parent":0,"menu_order":0,"comment_status":"closed","ping_status":"closed","template":"","meta":{"_acf_changed":false,"_et_pb_use_builder":"on","_et_pb_old_content":"","_et_gb_content_width":"","inline_featured_image":false,"footnotes":""},"class_list":["post-1889","page","type-page","status-publish","hentry"],"acf":[],"_links":{"self":[{"href":"https:\/\/agec.campeche.gob.mx\/index.php?rest_route=\/wp\/v2\/pages\/1889","targetHints":{"allow":["GET"]}}],"collection":[{"href":"https:\/\/agec.campeche.gob.mx\/index.php?rest_route=\/wp\/v2\/pages"}],"about":[{"href":"https:\/\/agec.campeche.gob.mx\/index.php?rest_route=\/wp\/v2\/types\/page"}],"author":[{"embeddable":true,"href":"https:\/\/agec.campeche.gob.mx\/index.php?rest_route=\/wp\/v2\/users\/1"}],"replies":[{"embeddable":true,"href":"https:\/\/agec.campeche.gob.mx\/index.php?rest_route=%2Fwp%2Fv2%2Fcomments&post=1889"}],"version-history":[{"count":3,"href":"https:\/\/agec.campeche.gob.mx\/index.php?rest_route=\/wp\/v2\/pages\/1889\/revisions"}],"predecessor-version":[{"id":1896,"href":"https:\/\/agec.campeche.gob.mx\/index.php?rest_route=\/wp\/v2\/pages\/1889\/revisions\/1896"}],"wp:attachment":[{"href":"https:\/\/agec.campeche.gob.mx\/index.php?rest_route=%2Fwp%2Fv2%2Fmedia&parent=1889"}],"curies":[{"name":"wp","href":"https:\/\/api.w.org\/{rel}","templated":true}]}}