{"id":1927,"date":"2024-01-15T13:23:17","date_gmt":"2024-01-15T19:23:17","guid":{"rendered":"https:\/\/agec.campeche.gob.mx\/?page_id=1927"},"modified":"2024-01-17T09:43:05","modified_gmt":"2024-01-17T15:43:05","slug":"fraccion-71-b","status":"publish","type":"page","link":"https:\/\/agec.campeche.gob.mx\/?page_id=1927","title":{"rendered":"Fraccion 71-B"},"content":{"rendered":"<p>[et_pb_section fb_built=&#8221;1&#8243; _builder_version=&#8221;4.23.1&#8243; _module_preset=&#8221;default&#8221; global_colors_info=&#8221;{}&#8221;][et_pb_row _builder_version=&#8221;4.23.1&#8243; _module_preset=&#8221;default&#8221; global_colors_info=&#8221;{}&#8221;][et_pb_column type=&#8221;4_4&#8243; _builder_version=&#8221;4.23.1&#8243; _module_preset=&#8221;default&#8221; global_colors_info=&#8221;{}&#8221;][et_pb_text _builder_version=&#8221;4.23.1&#8243; _module_preset=&#8221;default&#8221; header_text_color=&#8221;#000000&#8243; global_colors_info=&#8221;{}&#8221;]<\/p>\n<h1 style=\"text-align: justify;\"><span>I-B. El Presupuesto de Egresos y las F\u00f3rmulas de Distribuci\u00f3n de los Recursos otorgados<\/span><\/h1>\n<p>[\/et_pb_text][et_pb_text _builder_version=&#8221;4.23.1&#8243; _module_preset=&#8221;default&#8221; text_text_color=&#8221;#000000&#8243; global_colors_info=&#8221;{}&#8221;]<\/p>\n<p style=\"text-align: justify;\"><span>La publicaci\u00f3n global y espec\u00edfica (por gasto) del Presupuesto de Egresos por parte del Poder Ejecutivo Federal, de las Entidades Federativas, el Gobierno de la Ciudad de M\u00e9xico y los Municipios, as\u00ed como la manera en que ser\u00e1 asignado\u00a0(f\u00f3rmulas) permitir\u00e1 a la ciudadan\u00eda conocer cu\u00e1nto y c\u00f3mo ser\u00e1 gastado el Presupuesto asignado en cada uno de los rubros\u00a0de la Administraci\u00f3n P\u00fablica durante un Ejercicio Fiscal y mediante ello estimar la relevancia de cada una de las Pol\u00edticas P\u00fablicas y la Disciplina de Gastos emprendida por los Poderes Ejecutivos.<\/span><\/p>\n<p>[\/et_pb_text][et_pb_tabs _builder_version=&#8221;4.23.1&#8243; _module_preset=&#8221;default&#8221; hover_enabled=&#8221;0&#8243; global_colors_info=&#8221;{}&#8221; sticky_enabled=&#8221;0&#8243;][et_pb_tab title=&#8221;2021&#8243; _builder_version=&#8221;4.23.1&#8243; _module_preset=&#8221;default&#8221; global_colors_info=&#8221;{}&#8221;]<\/p>\n<table class=\"table table-hover\" style=\"width: 100%; border: 1px solid #cecaca;\" align=\"center\">\n<thead>\n<tr>\n<th style=\"background-color: #484747; text-align: center;\"><span style=\"font-family: arial, helvetica, sans-serif;\"><strong><span style=\"color: #ffffff;\">Inciso<\/span><\/strong><\/span><\/th>\n<th style=\"background-color: #484747; text-align: center;\"><strong><span style=\"color: #ffffff;\">\u00a0<span style=\"font-family: arial, helvetica, sans-serif;\">Aplicabilidad<\/span><\/span><\/strong><\/th>\n<th style=\"background-color: #484747; text-align: center;\"><strong><span style=\"color: #ffffff;\">\u00a0<span style=\"font-family: arial, helvetica, sans-serif;\">Periodicidad<\/span><\/span><\/strong><\/th>\n<\/tr>\n<\/thead>\n<tbody>\n<tr>\n<td><a href=\"https:\/\/agec.campeche.gob.mx\/?page_id=1931\" target=\"_blank\" class=\"jcepopup noicon\" rel=\"noopener noreferrer\"><span style=\"font-family: arial, helvetica, sans-serif;\">1b) Presupuestos de Egresos<\/span><\/a><\/td>\n<td><img decoding=\"async\" src=\"https:\/\/agec.campeche.gob.mx\/wp-content\/uploads\/1485918237_Tick_Mark_Dark.png\" alt=\"1485918237 Tick Mark Dark\" style=\"display: block; margin-left: auto; margin-right: auto;\" \/><\/td>\n<td style=\"text-align: center;\" valign=\"middle\"><span style=\"color: #000000; font-family: arial, helvetica, sans-serif;\">Anual<\/span><\/td>\n<\/tr>\n<tr>\n<td><a href=\"https:\/\/agec.campeche.gob.mx\/?page_id=1930\" target=\"_blank\" class=\"jcepopup noicon\" rel=\"noopener noreferrer\"><span style=\"font-family: arial, helvetica, sans-serif;\">2b) Egresos y F\u00f3rmulas de distribuci\u00f3n de los recursos otorgados<\/span><\/a><\/td>\n<td><img decoding=\"async\" src=\"https:\/\/agec.campeche.gob.mx\/wp-content\/uploads\/1485918237_Tick_Mark_Dark.png\" alt=\"1485918237 Tick Mark Dark\" style=\"display: block; margin-left: auto; margin-right: auto;\" \/><\/td>\n<td style=\"text-align: center;\" valign=\"middle\"><span style=\"color: #000000; font-family: arial, helvetica, sans-serif;\">Anual<\/span><\/td>\n<\/tr>\n<\/tbody>\n<\/table>\n<p>[\/et_pb_tab][et_pb_tab title=&#8221;2020&#8243; _builder_version=&#8221;4.23.1&#8243; _module_preset=&#8221;default&#8221; hover_enabled=&#8221;0&#8243; global_colors_info=&#8221;{}&#8221; sticky_enabled=&#8221;0&#8243;]<\/p>\n<table class=\"table table-hover\" style=\"width: 100%; border: 1px solid #cecaca;\" align=\"center\">\n<thead>\n<tr>\n<th style=\"background-color: #484747; text-align: center;\"><span style=\"font-family: arial, helvetica, sans-serif;\"><strong><span style=\"color: #ffffff;\">Inciso<\/span><\/strong><\/span><\/th>\n<th style=\"background-color: #484747; text-align: center;\"><strong><span style=\"color: #ffffff;\">\u00a0<span style=\"font-family: arial, helvetica, sans-serif;\">Aplicabilidad<\/span><\/span><\/strong><\/th>\n<th style=\"background-color: #484747; text-align: center;\"><strong><span style=\"color: #ffffff;\">\u00a0<span style=\"font-family: arial, helvetica, sans-serif;\">Periodicidad<\/span><\/span><\/strong><\/th>\n<\/tr>\n<\/thead>\n<tbody>\n<tr>\n<td><a href=\"https:\/\/agec.campeche.gob.mx\/?page_id=1944\" target=\"_blank\" class=\"jcepopup noicon\" rel=\"noopener noreferrer\"><span style=\"font-family: arial, helvetica, sans-serif;\">1b) Presupuestos de Egresos<\/span><\/a><\/td>\n<td><img decoding=\"async\" src=\"https:\/\/agec.campeche.gob.mx\/wp-content\/uploads\/1485918237_Tick_Mark_Dark.png\" alt=\"1485918237 Tick Mark Dark\" style=\"display: block; margin-left: auto; margin-right: auto;\" \/><\/td>\n<td style=\"text-align: center;\" valign=\"middle\"><span style=\"color: #000000; font-family: arial, helvetica, sans-serif;\">Anual<\/span><\/td>\n<\/tr>\n<tr>\n<td><a href=\"https:\/\/agec.campeche.gob.mx\/?page_id=1948\" target=\"_blank\" class=\"jcepopup noicon\" rel=\"noopener noreferrer\"><span style=\"font-family: arial, helvetica, sans-serif;\">2b) Egresos y F\u00f3rmulas de distribuci\u00f3n de los recursos otorgados<\/span><\/a><\/td>\n<td><img decoding=\"async\" src=\"https:\/\/agec.campeche.gob.mx\/wp-content\/uploads\/1485918237_Tick_Mark_Dark.png\" alt=\"1485918237 Tick Mark Dark\" style=\"display: block; margin-left: auto; margin-right: auto;\" \/><\/td>\n<td style=\"text-align: center;\" valign=\"middle\"><span style=\"color: #000000; font-family: arial, helvetica, sans-serif;\">Anual<\/span><\/td>\n<\/tr>\n<\/tbody>\n<\/table>\n<p>[\/et_pb_tab][et_pb_tab title=&#8221;2019&#8243; _builder_version=&#8221;4.23.1&#8243; _module_preset=&#8221;default&#8221; hover_enabled=&#8221;0&#8243; global_colors_info=&#8221;{}&#8221; sticky_enabled=&#8221;0&#8243;]<\/p>\n<table class=\"table table-hover\" style=\"width: 100%; border: 1px solid #cecaca;\" align=\"center\">\n<thead>\n<tr>\n<th style=\"background-color: #484747; text-align: center;\"><span style=\"font-family: arial, helvetica, sans-serif;\"><strong><span style=\"color: #ffffff;\">Inciso<\/span><\/strong><\/span><\/th>\n<th style=\"background-color: #484747; text-align: center;\"><strong><span style=\"color: #ffffff;\">\u00a0<span style=\"font-family: arial, helvetica, sans-serif;\">Aplicabilidad<\/span><\/span><\/strong><\/th>\n<th style=\"background-color: #484747; text-align: center;\"><strong><span style=\"color: #ffffff;\">\u00a0<span style=\"font-family: arial, helvetica, sans-serif;\">Periodicidad<\/span><\/span><\/strong><\/th>\n<\/tr>\n<\/thead>\n<tbody>\n<tr>\n<td><a href=\"https:\/\/agec.campeche.gob.mx\/?page_id=1957\" target=\"_blank\" class=\"jcepopup noicon\" rel=\"noopener noreferrer\"><span style=\"font-family: arial, helvetica, sans-serif;\">1b) Presupuestos de Egresos<\/span><\/a><\/td>\n<td><img decoding=\"async\" src=\"https:\/\/agec.campeche.gob.mx\/wp-content\/uploads\/1485918237_Tick_Mark_Dark.png\" alt=\"1485918237 Tick Mark Dark\" style=\"display: block; margin-left: auto; margin-right: auto;\" \/><\/td>\n<td style=\"text-align: center;\" valign=\"middle\"><span style=\"color: #000000; font-family: arial, helvetica, sans-serif;\">Anual<\/span><\/td>\n<\/tr>\n<tr>\n<td><a href=\"https:\/\/agec.campeche.gob.mx\/?page_id=1958\" target=\"_blank\" class=\"jcepopup noicon\" rel=\"noopener noreferrer\"><span style=\"font-family: arial, helvetica, sans-serif;\">2b) Egresos y F\u00f3rmulas de distribuci\u00f3n de los recursos otorgados<\/span><\/a><\/td>\n<td><img decoding=\"async\" src=\"https:\/\/agec.campeche.gob.mx\/wp-content\/uploads\/1485918237_Tick_Mark_Dark.png\" alt=\"1485918237 Tick Mark Dark\" style=\"display: block; margin-left: auto; margin-right: auto;\" \/><\/td>\n<td style=\"text-align: center;\" valign=\"middle\"><span style=\"color: #000000; font-family: arial, helvetica, sans-serif;\">Anual<\/span><\/td>\n<\/tr>\n<\/tbody>\n<\/table>\n<p>[\/et_pb_tab][et_pb_tab title=&#8221;2018&#8243; _builder_version=&#8221;4.23.1&#8243; _module_preset=&#8221;default&#8221; hover_enabled=&#8221;0&#8243; global_colors_info=&#8221;{}&#8221; sticky_enabled=&#8221;0&#8243;]<\/p>\n<table class=\"table table-hover\" style=\"width: 100%; border: 1px solid #cecaca;\" align=\"center\">\n<thead>\n<tr>\n<th style=\"background-color: #484747; text-align: center;\"><span style=\"font-family: arial, helvetica, sans-serif;\"><strong><span style=\"color: #ffffff;\">Inciso<\/span><\/strong><\/span><\/th>\n<th style=\"background-color: #484747; text-align: center;\"><strong><span style=\"color: #ffffff;\">\u00a0<span style=\"font-family: arial, helvetica, sans-serif;\">Aplicabilidad<\/span><\/span><\/strong><\/th>\n<th style=\"background-color: #484747; text-align: center;\"><strong><span style=\"color: #ffffff;\">\u00a0<span style=\"font-family: arial, helvetica, sans-serif;\">Periodicidad<\/span><\/span><\/strong><\/th>\n<\/tr>\n<\/thead>\n<tbody>\n<tr>\n<td><a href=\"https:\/\/agec.campeche.gob.mx\/?page_id=1969\" target=\"_blank\" class=\"jcepopup noicon\" rel=\"noopener noreferrer\"><span style=\"font-family: arial, helvetica, sans-serif;\">1b) Presupuestos de Egresos<\/span><\/a><\/td>\n<td><img decoding=\"async\" src=\"https:\/\/agec.campeche.gob.mx\/wp-content\/uploads\/1485918237_Tick_Mark_Dark.png\" alt=\"1485918237 Tick Mark Dark\" style=\"display: block; margin-left: auto; margin-right: auto;\" \/><\/td>\n<td style=\"text-align: center;\" valign=\"middle\"><span style=\"color: #000000; font-family: arial, helvetica, sans-serif;\">Anual<\/span><\/td>\n<\/tr>\n<tr>\n<td><a href=\"https:\/\/agec.campeche.gob.mx\/?page_id=1968\" target=\"_blank\" class=\"jcepopup noicon\" rel=\"noopener noreferrer\"><span style=\"font-family: arial, helvetica, sans-serif;\">2b) Egresos y F\u00f3rmulas de distribuci\u00f3n de los recursos otorgados<\/span><\/a><\/td>\n<td><img decoding=\"async\" src=\"https:\/\/agec.campeche.gob.mx\/wp-content\/uploads\/1485918237_Tick_Mark_Dark.png\" alt=\"1485918237 Tick Mark Dark\" style=\"display: block; margin-left: auto; margin-right: auto;\" \/><\/td>\n<td style=\"text-align: center;\" valign=\"middle\"><span style=\"color: #000000; font-family: arial, helvetica, sans-serif;\">Anual<\/span><\/td>\n<\/tr>\n<\/tbody>\n<\/table>\n<p>[\/et_pb_tab][et_pb_tab title=&#8221;2017&#8243; _builder_version=&#8221;4.23.1&#8243; _module_preset=&#8221;default&#8221; hover_enabled=&#8221;0&#8243; global_colors_info=&#8221;{}&#8221; sticky_enabled=&#8221;0&#8243;]<\/p>\n<table class=\"table table-hover\" style=\"width: 100%; border: 1px solid #cecaca;\" align=\"center\">\n<thead>\n<tr>\n<th style=\"background-color: #484747; text-align: center;\"><span style=\"font-family: arial, helvetica, sans-serif;\"><strong><span style=\"color: #ffffff;\">Inciso<\/span><\/strong><\/span><\/th>\n<th style=\"background-color: #484747; text-align: center;\"><strong><span style=\"color: #ffffff;\">\u00a0<span style=\"font-family: arial, helvetica, sans-serif;\">Aplicabilidad<\/span><\/span><\/strong><\/th>\n<th style=\"background-color: #484747; text-align: center;\"><strong><span style=\"color: #ffffff;\">\u00a0<span style=\"font-family: arial, helvetica, sans-serif;\">Periodicidad<\/span><\/span><\/strong><\/th>\n<\/tr>\n<\/thead>\n<tbody>\n<tr>\n<td><a href=\"https:\/\/agec.campeche.gob.mx\/?page_id=1980\" target=\"_blank\" class=\"jcepopup noicon\" rel=\"noopener noreferrer\"><span style=\"font-family: arial, helvetica, sans-serif;\">1b) Presupuestos de Egresos<\/span><\/a><\/td>\n<td><img decoding=\"async\" src=\"https:\/\/agec.campeche.gob.mx\/wp-content\/uploads\/1485918237_Tick_Mark_Dark.png\" alt=\"1485918237 Tick Mark Dark\" style=\"display: block; margin-left: auto; margin-right: auto;\" \/><\/td>\n<td style=\"text-align: center;\" valign=\"middle\"><span style=\"color: #000000; font-family: arial, helvetica, sans-serif;\">Anual<\/span><\/td>\n<\/tr>\n<tr>\n<td><a href=\"https:\/\/agec.campeche.gob.mx\/?page_id=1979\" target=\"_blank\" class=\"jcepopup noicon\" rel=\"noopener noreferrer\"><span style=\"font-family: arial, helvetica, sans-serif;\">2b) Egresos y F\u00f3rmulas de distribuci\u00f3n de los recursos otorgados<\/span><\/a><\/td>\n<td><img decoding=\"async\" src=\"https:\/\/agec.campeche.gob.mx\/wp-content\/uploads\/1485918237_Tick_Mark_Dark.png\" alt=\"1485918237 Tick Mark Dark\" style=\"display: block; margin-left: auto; margin-right: auto;\" \/><\/td>\n<td style=\"text-align: center;\" valign=\"middle\"><span style=\"color: #000000; font-family: arial, helvetica, sans-serif;\">Anual<\/span><\/td>\n<\/tr>\n<\/tbody>\n<\/table>\n<p>[\/et_pb_tab][\/et_pb_tabs][\/et_pb_column][\/et_pb_row][\/et_pb_section]<\/p>\n","protected":false},"excerpt":{"rendered":"<p>I-B. El Presupuesto de Egresos y las F\u00f3rmulas de Distribuci\u00f3n de los Recursos otorgadosLa publicaci\u00f3n global y espec\u00edfica (por gasto) del Presupuesto de Egresos por parte del Poder Ejecutivo Federal, de las Entidades Federativas, el Gobierno de la Ciudad de M\u00e9xico y los Municipios, as\u00ed como la manera en que ser\u00e1 asignado\u00a0(f\u00f3rmulas) permitir\u00e1 a la [&hellip;]<\/p>\n","protected":false},"author":1,"featured_media":0,"parent":0,"menu_order":0,"comment_status":"closed","ping_status":"closed","template":"","meta":{"_acf_changed":false,"_et_pb_use_builder":"on","_et_pb_old_content":"","_et_gb_content_width":"","inline_featured_image":false,"footnotes":""},"class_list":["post-1927","page","type-page","status-publish","hentry"],"acf":[],"_links":{"self":[{"href":"https:\/\/agec.campeche.gob.mx\/index.php?rest_route=\/wp\/v2\/pages\/1927","targetHints":{"allow":["GET"]}}],"collection":[{"href":"https:\/\/agec.campeche.gob.mx\/index.php?rest_route=\/wp\/v2\/pages"}],"about":[{"href":"https:\/\/agec.campeche.gob.mx\/index.php?rest_route=\/wp\/v2\/types\/page"}],"author":[{"embeddable":true,"href":"https:\/\/agec.campeche.gob.mx\/index.php?rest_route=\/wp\/v2\/users\/1"}],"replies":[{"embeddable":true,"href":"https:\/\/agec.campeche.gob.mx\/index.php?rest_route=%2Fwp%2Fv2%2Fcomments&post=1927"}],"version-history":[{"count":6,"href":"https:\/\/agec.campeche.gob.mx\/index.php?rest_route=\/wp\/v2\/pages\/1927\/revisions"}],"predecessor-version":[{"id":1988,"href":"https:\/\/agec.campeche.gob.mx\/index.php?rest_route=\/wp\/v2\/pages\/1927\/revisions\/1988"}],"wp:attachment":[{"href":"https:\/\/agec.campeche.gob.mx\/index.php?rest_route=%2Fwp%2Fv2%2Fmedia&parent=1927"}],"curies":[{"name":"wp","href":"https:\/\/api.w.org\/{rel}","templated":true}]}}