{"id":1969,"date":"2024-01-17T09:34:40","date_gmt":"2024-01-17T15:34:40","guid":{"rendered":"https:\/\/agec.campeche.gob.mx\/?page_id=1969"},"modified":"2024-01-17T09:34:40","modified_gmt":"2024-01-17T15:34:40","slug":"fraccion-75-1-b-presupuesto","status":"publish","type":"page","link":"https:\/\/agec.campeche.gob.mx\/?page_id=1969","title":{"rendered":"Fraccion 75 1-B Presupuesto"},"content":{"rendered":"<p>[et_pb_section fb_built=&#8221;1&#8243; theme_builder_area=&#8221;post_content&#8221; _builder_version=&#8221;4.23.1&#8243; _module_preset=&#8221;default&#8221;][et_pb_row _builder_version=&#8221;4.23.1&#8243; _module_preset=&#8221;default&#8221; theme_builder_area=&#8221;post_content&#8221;][et_pb_column _builder_version=&#8221;4.23.1&#8243; _module_preset=&#8221;default&#8221; type=&#8221;4_4&#8243; theme_builder_area=&#8221;post_content&#8221;][et_pb_text _builder_version=&#8221;4.23.1&#8243; _module_preset=&#8221;default&#8221; theme_builder_area=&#8221;post_content&#8221; hover_enabled=&#8221;0&#8243; sticky_enabled=&#8221;0&#8243;]<\/p>\n<h1 style=\"text-align: justify;\"><span>1b. Presupuesto de Egresos<\/span><\/h1>\n<p>[\/et_pb_text][et_pb_text _builder_version=&#8221;4.23.1&#8243; _module_preset=&#8221;default&#8221; theme_builder_area=&#8221;post_content&#8221; hover_enabled=&#8221;0&#8243; sticky_enabled=&#8221;0&#8243; text_text_color=&#8221;#000000&#8243;]<\/p>\n<p style=\"text-align: justify;\"><span>La publicaci\u00f3n global y espec\u00edfica (por gasto) del Presupuesto de Egresos por parte del Poder Ejecutivo Federal, de las Entidades Federativas, el Gobierno de la Ciudad de M\u00e9xico y los Municipios, as\u00ed como la manera en que ser\u00e1 asignado\u00a0(f\u00f3rmulas) permitir\u00e1 a la ciudadan\u00eda conocer cu\u00e1nto y c\u00f3mo ser\u00e1 gastado el presupuesto asignado en cada uno de los rubros\u00a0de la Administraci\u00f3n P\u00fablica durante un Ejercicio Fiscal y mediante ello estimar la relevancia de cada una de las Pol\u00edticas P\u00fablicas y la Disciplina de Gastos emprendida por los Poderes Ejecutivos.<\/span><\/p>\n<p style=\"text-align: justify;\"><span class=\"fa fa-refresh\"><span>\u00a0<\/span>Per\u00edodo de Actualizaci\u00f3n:<span>\u00a0<\/span><strong>Anual<\/strong><\/span><br \/><span class=\"fa fa-calendar\"><span>\u00a0<\/span>Fecha de Actualizaci\u00f3n:<span>\u00a0<\/span><strong>08\/01\/2019<\/strong><\/span><br \/><span class=\"fa fa-calendar\"><span>\u00a0<\/span>Fecha de Validaci\u00f3n:<span>\u00a0<\/span><strong>08\/01\/2019<\/strong><\/span><br \/><span class=\"fa fa-pencil-square-o\"><span>\u00a0<\/span>Unidad(es) Administrativa(s) que genera(n) o posee(n) la Informaci\u00f3n:\u00a0<\/span><span><strong>Archivo General del Estado (AGE)<\/strong><\/span><\/p>\n<p>[\/et_pb_text][et_pb_text _builder_version=&#8221;4.23.1&#8243; _module_preset=&#8221;default&#8221; theme_builder_area=&#8221;post_content&#8221; hover_enabled=&#8221;0&#8243; sticky_enabled=&#8221;0&#8243;]<\/p>\n<p>&nbsp;<a href=\"https:\/\/agec.campeche.gob.mx\/wp-content\/uploads\/N_F1b_LTAIPEC_Art75FrII.xlsx\" target=\"_blank\" rel=\"noopener\"><button type=\"button\" class=\"btn btn-large btn-success\"><em class=\"fa fa-file-excel-o\"> Descargar Excel<\/em><\/button> <\/a> <a href=\"https:\/\/agec.campeche.gob.mx\/wp-content\/uploads\/N_F1b_LTAIPEC_Art75FrII.xlsx\" target=\"_blank\" rel=\"noopener\"> <button type=\"button\" class=\"btn btn-large btn-danger\"><em class=\"fa fa-eye\"> Ver Online<\/em><\/button> <\/a> <span style=\"padding-left: 20px;\"> <span class=\"fa fa-hand-o-left\"><\/span> Descargue y\/o visualice aqu\u00ed<\/span><\/p>\n<p>[\/et_pb_text][\/et_pb_column][\/et_pb_row][\/et_pb_section]<\/p>\n","protected":false},"excerpt":{"rendered":"<p>1b. Presupuesto de EgresosLa publicaci\u00f3n global y espec\u00edfica (por gasto) del Presupuesto de Egresos por parte del Poder Ejecutivo Federal, de las Entidades Federativas, el Gobierno de la Ciudad de M\u00e9xico y los Municipios, as\u00ed como la manera en que ser\u00e1 asignado\u00a0(f\u00f3rmulas) permitir\u00e1 a la ciudadan\u00eda conocer cu\u00e1nto y c\u00f3mo ser\u00e1 gastado el presupuesto asignado [&hellip;]<\/p>\n","protected":false},"author":1,"featured_media":0,"parent":0,"menu_order":0,"comment_status":"closed","ping_status":"closed","template":"","meta":{"_acf_changed":false,"_et_pb_use_builder":"on","_et_pb_old_content":"","_et_gb_content_width":"","inline_featured_image":false,"footnotes":""},"class_list":["post-1969","page","type-page","status-publish","hentry"],"acf":[],"_links":{"self":[{"href":"https:\/\/agec.campeche.gob.mx\/index.php?rest_route=\/wp\/v2\/pages\/1969","targetHints":{"allow":["GET"]}}],"collection":[{"href":"https:\/\/agec.campeche.gob.mx\/index.php?rest_route=\/wp\/v2\/pages"}],"about":[{"href":"https:\/\/agec.campeche.gob.mx\/index.php?rest_route=\/wp\/v2\/types\/page"}],"author":[{"embeddable":true,"href":"https:\/\/agec.campeche.gob.mx\/index.php?rest_route=\/wp\/v2\/users\/1"}],"replies":[{"embeddable":true,"href":"https:\/\/agec.campeche.gob.mx\/index.php?rest_route=%2Fwp%2Fv2%2Fcomments&post=1969"}],"version-history":[{"count":2,"href":"https:\/\/agec.campeche.gob.mx\/index.php?rest_route=\/wp\/v2\/pages\/1969\/revisions"}],"predecessor-version":[{"id":1974,"href":"https:\/\/agec.campeche.gob.mx\/index.php?rest_route=\/wp\/v2\/pages\/1969\/revisions\/1974"}],"wp:attachment":[{"href":"https:\/\/agec.campeche.gob.mx\/index.php?rest_route=%2Fwp%2Fv2%2Fmedia&parent=1969"}],"curies":[{"name":"wp","href":"https:\/\/api.w.org\/{rel}","templated":true}]}}