{"id":2019,"date":"2024-01-17T10:50:55","date_gmt":"2024-01-17T16:50:55","guid":{"rendered":"https:\/\/agec.campeche.gob.mx\/?page_id=2019"},"modified":"2024-01-17T10:50:55","modified_gmt":"2024-01-17T16:50:55","slug":"71-c-expropiaciones-realizadas","status":"publish","type":"page","link":"https:\/\/agec.campeche.gob.mx\/?page_id=2019","title":{"rendered":"71-C Expropiaciones realizadas"},"content":{"rendered":"<p>[et_pb_section fb_built=&#8221;1&#8243; theme_builder_area=&#8221;post_content&#8221; _builder_version=&#8221;4.23.1&#8243; _module_preset=&#8221;default&#8221;][et_pb_row _builder_version=&#8221;4.23.1&#8243; _module_preset=&#8221;default&#8221; theme_builder_area=&#8221;post_content&#8221;][et_pb_column _builder_version=&#8221;4.23.1&#8243; _module_preset=&#8221;default&#8221; type=&#8221;4_4&#8243; theme_builder_area=&#8221;post_content&#8221;][et_pb_text _builder_version=&#8221;4.23.1&#8243; _module_preset=&#8221;default&#8221; theme_builder_area=&#8221;post_content&#8221; hover_enabled=&#8221;0&#8243; sticky_enabled=&#8221;0&#8243;]<\/p>\n<h1 style=\"text-align: justify;\"><span>I-C.\u00a0El Listado de Expropiaciones decretadas y ejecutadas que incluya, cuando menos, la fecha de expropiaci\u00f3n, el domicilio y la causa de utilidad p\u00fablica y las ocupaciones superficiales.<\/span><\/h1>\n<p>[\/et_pb_text][et_pb_text _builder_version=&#8221;4.23.1&#8243; _module_preset=&#8221;default&#8221; theme_builder_area=&#8221;post_content&#8221; hover_enabled=&#8221;0&#8243; sticky_enabled=&#8221;0&#8243; text_text_color=&#8221;#000000&#8243;]<\/p>\n<p style=\"text-align: justify;\"><span>La expropiaci\u00f3n es una de las figuras jur\u00eddicas usada por el Poder Ejecutivo Federal, Estatal y de la Ciudad de M\u00e9xico para\u00a0ocupar o transferir al Estado, por causas de utilidad p\u00fablica, una propiedad privada mediante indemnizaci\u00f3n. Esta figura est\u00e1\u00a0fundamentada en el Segundo P\u00e1rrafo del Art\u00edculo 27 de la Constituci\u00f3n Pol\u00edtica de los Estados Unidos Mexicanos, as\u00ed como\u00a0en la correspondiente Ley Secundaria de Expropiaci\u00f3n y dem\u00e1s Normas Aplicables en Materia de Expropiaci\u00f3n.<\/span><\/p>\n<p style=\"text-align: justify;\"><span class=\"fa fa-refresh\"><span>\u00a0<\/span>Per\u00edodo de Actualizaci\u00f3n:\u00a0<span><strong>Trimestral<\/strong><\/span><\/span><br \/><span class=\"fa fa-calendar\"><span>\u00a0<\/span>Fecha de Actualizaci\u00f3n:<span>\u00a0<\/span><strong>08\/01\/2019<\/strong><\/span><br \/><span class=\"fa fa-calendar\"><span>\u00a0<\/span>Fecha de Validaci\u00f3n:<strong><span>\u00a0<\/span>08\/01\/2019<\/strong><\/span><br \/><span class=\"fa fa-pencil-square-o\"><span>\u00a0<\/span>Unidad(es) Administrativa(s) que genera(n) o posee(n) la Informaci\u00f3n:\u00a0<\/span><span><strong>Direcci\u00f3n de Asuntos Jur\u00eddicos de la Secretar\u00eda General de Gobierno<\/strong><\/span><\/p>\n<p>[\/et_pb_text][et_pb_text _builder_version=&#8221;4.23.1&#8243; _module_preset=&#8221;default&#8221; theme_builder_area=&#8221;post_content&#8221; hover_enabled=&#8221;0&#8243; sticky_enabled=&#8221;0&#8243;]<\/p>\n<p>&nbsp;<a href=\"https:\/\/drive.google.com\/uc?export=download&amp;id=1cp04QLpjonxWIelb0gOIICOF08UJ52pt\" target=\"_blank\" rel=\"noopener noreferrer\"><button type=\"button\" class=\"btn btn-large btn-success\"><em class=\"fa fa-file-excel-o\"> Descargar Excel<\/em><\/button> <\/a> <a href=\"https:\/\/drive.google.com\/open?id=1cp04QLpjonxWIelb0gOIICOF08UJ52pt\" target=\"_blank\" rel=\"noopener noreferrer\"> <button type=\"button\" class=\"btn btn-large btn-danger\"><em class=\"fa fa-eye\"> Ver Online<\/em><\/button> <\/a> <span style=\"padding-left: 20px;\"> <span class=\"fa fa-hand-o-left\"><\/span> Descargue y\/o visualice aqu\u00ed<\/span><\/p>\n<p>[\/et_pb_text][\/et_pb_column][\/et_pb_row][\/et_pb_section]<\/p>\n","protected":false},"excerpt":{"rendered":"<p>I-C.\u00a0El Listado de Expropiaciones decretadas y ejecutadas que incluya, cuando menos, la fecha de expropiaci\u00f3n, el domicilio y la causa de utilidad p\u00fablica y las ocupaciones superficiales.La expropiaci\u00f3n es una de las figuras jur\u00eddicas usada por el Poder Ejecutivo Federal, Estatal y de la Ciudad de M\u00e9xico para\u00a0ocupar o transferir al Estado, por causas de [&hellip;]<\/p>\n","protected":false},"author":1,"featured_media":0,"parent":0,"menu_order":0,"comment_status":"closed","ping_status":"closed","template":"","meta":{"_acf_changed":false,"_et_pb_use_builder":"on","_et_pb_old_content":"","_et_gb_content_width":"","inline_featured_image":false,"footnotes":""},"class_list":["post-2019","page","type-page","status-publish","hentry"],"acf":[],"_links":{"self":[{"href":"https:\/\/agec.campeche.gob.mx\/index.php?rest_route=\/wp\/v2\/pages\/2019","targetHints":{"allow":["GET"]}}],"collection":[{"href":"https:\/\/agec.campeche.gob.mx\/index.php?rest_route=\/wp\/v2\/pages"}],"about":[{"href":"https:\/\/agec.campeche.gob.mx\/index.php?rest_route=\/wp\/v2\/types\/page"}],"author":[{"embeddable":true,"href":"https:\/\/agec.campeche.gob.mx\/index.php?rest_route=\/wp\/v2\/users\/1"}],"replies":[{"embeddable":true,"href":"https:\/\/agec.campeche.gob.mx\/index.php?rest_route=%2Fwp%2Fv2%2Fcomments&post=2019"}],"version-history":[{"count":2,"href":"https:\/\/agec.campeche.gob.mx\/index.php?rest_route=\/wp\/v2\/pages\/2019\/revisions"}],"predecessor-version":[{"id":2023,"href":"https:\/\/agec.campeche.gob.mx\/index.php?rest_route=\/wp\/v2\/pages\/2019\/revisions\/2023"}],"wp:attachment":[{"href":"https:\/\/agec.campeche.gob.mx\/index.php?rest_route=%2Fwp%2Fv2%2Fmedia&parent=2019"}],"curies":[{"name":"wp","href":"https:\/\/api.w.org\/{rel}","templated":true}]}}

<p>[et_pb_section fb_built=&#8221;1&#8243; theme_builder_area=&#8221;post_content&#8221; _builder_version=&#8221;4.23.1&#8243; _module_preset=&#8221;default&#8221;][et_pb_row _builder_version=&#8221;4.23.1&#8243; _module_preset=&#8221;default&#8221; theme_builder_area=&#8221;post_content&#8221;][et_pb_column _builder_version=&#8221;4.23.1&#8243; _module_preset=&#8221;default&#8221; type=&#8221;4_4&#8243; theme_builder_area=&#8221;post_content&#8221;][et_pb_text _builder_version=&#8221;4.23.1&#8243; _module_preset=&#8221;default&#8221; theme_builder_area=&#8221;post_content&#8221; hover_enabled=&#8221;0&#8243; sticky_enabled=&#8221;0&#8243;]</p>
<h1 style="text-align: justify;"><span>I-C. El Listado de Expropiaciones decretadas y ejecutadas que incluya, cuando menos, la fecha de expropiación, el domicilio y la causa de utilidad pública y las ocupaciones superficiales.</span></h1>
<p>[/et_pb_text][et_pb_text _builder_version=&#8221;4.23.1&#8243; _module_preset=&#8221;default&#8221; theme_builder_area=&#8221;post_content&#8221; hover_enabled=&#8221;0&#8243; sticky_enabled=&#8221;0&#8243; text_text_color=&#8221;#000000&#8243;]</p>
<p style="text-align: justify;"><span>La expropiación es una de las figuras jurídicas usada por el Poder Ejecutivo Federal, Estatal y de la Ciudad de México para ocupar o transferir al Estado, por causas de utilidad pública, una propiedad privada mediante indemnización. Esta figura está fundamentada en el Segundo Párrafo del Artículo 27 de la Constitución Política de los Estados Unidos Mexicanos, así como en la correspondiente Ley Secundaria de Expropiación y demás Normas Aplicables en Materia de Expropiación.</span></p>
<p style="text-align: justify;"><span class="fa fa-refresh"><span> </span>Período de Actualización: <span><strong>Trimestral</strong></span></span><br /><span class="fa fa-calendar"><span> </span>Fecha de Actualización:<span> </span><strong>08/01/2019</strong></span><br /><span class="fa fa-calendar"><span> </span>Fecha de Validación:<strong><span> </span>08/01/2019</strong></span><br /><span class="fa fa-pencil-square-o"><span> </span>Unidad(es) Administrativa(s) que genera(n) o posee(n) la Información: </span><span><strong>Dirección de Asuntos Jurídicos de la Secretaría General de Gobierno</strong></span></p>
<p>[/et_pb_text][et_pb_text _builder_version=&#8221;4.23.1&#8243; _module_preset=&#8221;default&#8221; theme_builder_area=&#8221;post_content&#8221; hover_enabled=&#8221;0&#8243; sticky_enabled=&#8221;0&#8243;]</p>
<p>&nbsp;<a href="https://drive.google.com/uc?export=download&amp;id=1cp04QLpjonxWIelb0gOIICOF08UJ52pt" target="_blank" rel="noopener noreferrer"><button type="button" class="btn btn-large btn-success"><em class="fa fa-file-excel-o"> Descargar Excel</em></button> </a> <a href="https://drive.google.com/open?id=1cp04QLpjonxWIelb0gOIICOF08UJ52pt" target="_blank" rel="noopener noreferrer"> <button type="button" class="btn btn-large btn-danger"><em class="fa fa-eye"> Ver Online</em></button> </a> <span style="padding-left: 20px;"> <span class="fa fa-hand-o-left"></span> Descargue y/o visualice aquí</span></p>
<p>[/et_pb_text][/et_pb_column][/et_pb_row][/et_pb_section]</p>

<p>I-C. El Listado de Expropiaciones decretadas y ejecutadas que incluya, cuando menos, la fecha de expropiación, el domicilio y la causa de utilidad pública y las ocupaciones superficiales.La expropiación es una de las figuras jurídicas usada por el Poder Ejecutivo Federal, Estatal y de la Ciudad de México para ocupar o transferir al Estado, por causas de [&hellip;]</p>
