{"id":2029,"date":"2024-01-17T10:58:36","date_gmt":"2024-01-17T16:58:36","guid":{"rendered":"https:\/\/agec.campeche.gob.mx\/?page_id=2029"},"modified":"2024-01-17T10:58:36","modified_gmt":"2024-01-17T16:58:36","slug":"fraccion-71-d","status":"publish","type":"page","link":"https:\/\/agec.campeche.gob.mx\/?page_id=2029","title":{"rendered":"Fraccion 71-D"},"content":{"rendered":"<p>[et_pb_section fb_built=&#8221;1&#8243; theme_builder_area=&#8221;post_content&#8221; _builder_version=&#8221;4.23.1&#8243; _module_preset=&#8221;default&#8221;][et_pb_row _builder_version=&#8221;4.23.1&#8243; _module_preset=&#8221;default&#8221; theme_builder_area=&#8221;post_content&#8221;][et_pb_column _builder_version=&#8221;4.23.1&#8243; _module_preset=&#8221;default&#8221; type=&#8221;4_4&#8243; theme_builder_area=&#8221;post_content&#8221;][et_pb_text _builder_version=&#8221;4.23.1&#8243; _module_preset=&#8221;default&#8221; theme_builder_area=&#8221;post_content&#8221; hover_enabled=&#8221;0&#8243; sticky_enabled=&#8221;0&#8243;]<\/p>\n<h1 style=\"text-align: justify;\"><span>I-D.\u00a0El Nombre, Denominaci\u00f3n o Raz\u00f3n Social y Clave del Registro Federal de los Contribuyentes a los que se les\u00a0hubiera cancelado o condonado alg\u00fan Cr\u00e9dito Fiscal, as\u00ed como los montos respectivos. Asimismo, la\u00a0informaci\u00f3n estad\u00edstica sobre las exenciones previstas en las Disposiciones Fiscales<\/span><\/h1>\n<p>[\/et_pb_text][et_pb_text _builder_version=&#8221;4.23.1&#8243; _module_preset=&#8221;default&#8221; theme_builder_area=&#8221;post_content&#8221; text_text_color=&#8221;#000000&#8243; hover_enabled=&#8221;0&#8243; sticky_enabled=&#8221;0&#8243;]<\/p>\n<p style=\"text-align: justify;\"><span>La exenci\u00f3n o condonaci\u00f3n de Cr\u00e9ditos Fiscales realizada por el Gobierno a trav\u00e9s de su Autoridad Fiscalizadora, consiste en la\u00a0exclusi\u00f3n total o parcial de la obligaci\u00f3n de pago de los Sujetos Pasivos del Impuesto. Generalmente en los C\u00f3digos Fiscales correspondientes se determinan los tipos de condonaciones.<br \/><\/span><\/p>\n<p>[\/et_pb_text][et_pb_text _builder_version=&#8221;4.23.1&#8243; _module_preset=&#8221;default&#8221; theme_builder_area=&#8221;post_content&#8221; hover_enabled=&#8221;0&#8243; sticky_enabled=&#8221;0&#8243; text_text_color=&#8221;#000000&#8243;]<\/p>\n<h2 style=\"text-align: center;\"><span>NO APLICA<\/span><\/h2>\n<p style=\"text-align: justify;\"><strong><span>Este tipo de informaci\u00f3n no es generada por la Secretar\u00eda General de Gobierno ni sus Organismos Desconcentrados (COESPO, CESP, SIPINNA, AGEC, IET) por no tener facultades, competencias y atribuciones otorgadas en el Art\u00edculo 21 de la Ley Org\u00e1nica de la Administraci\u00f3n P\u00fablica del Estado de Campeche ni el en el Reglamento Interior de la Secretar\u00eda General de Gobierno\u00a0de la Administraci\u00f3n P\u00fablica del Estado de Campeche; as\u00ed como en los siguientes Ordenamientos Legales: Acuerdo de Creaci\u00f3n y Reglamento Interior de COESPO, Reglamento Interior del CESP, Ley de los Derechos de Ni\u00f1as, Ni\u00f1os y Adolescentes del Estado de Campeche (SIPINNA), Ley del Archivo del Estado de Campeche (AGEC), Reglamento Interior y Ley de Transporte del Estado de Campeche (IET), respectivamente.<\/span><\/strong><\/p>\n<p style=\"text-align: justify;\"><strong><span>Esta atribuci\u00f3n corresponde a la Secretar\u00eda de Finanzas de conformidad con el Art\u00edculo 22 Fracci\u00f3n XXXII de la Ley Org\u00e1nica de la Administraci\u00f3n P\u00fablica del Estado de Campeche.<\/span><\/strong><\/p>\n<p>[\/et_pb_text][\/et_pb_column][\/et_pb_row][\/et_pb_section]<\/p>\n","protected":false},"excerpt":{"rendered":"<p>I-D.\u00a0El Nombre, Denominaci\u00f3n o Raz\u00f3n Social y Clave del Registro Federal de los Contribuyentes a los que se les\u00a0hubiera cancelado o condonado alg\u00fan Cr\u00e9dito Fiscal, as\u00ed como los montos respectivos. Asimismo, la\u00a0informaci\u00f3n estad\u00edstica sobre las exenciones previstas en las Disposiciones FiscalesLa exenci\u00f3n o condonaci\u00f3n de Cr\u00e9ditos Fiscales realizada por el Gobierno a trav\u00e9s de su [&hellip;]<\/p>\n","protected":false},"author":1,"featured_media":0,"parent":0,"menu_order":0,"comment_status":"closed","ping_status":"closed","template":"","meta":{"_acf_changed":false,"_et_pb_use_builder":"on","_et_pb_old_content":"","_et_gb_content_width":"","inline_featured_image":false,"footnotes":""},"class_list":["post-2029","page","type-page","status-publish","hentry"],"acf":[],"_links":{"self":[{"href":"https:\/\/agec.campeche.gob.mx\/index.php?rest_route=\/wp\/v2\/pages\/2029","targetHints":{"allow":["GET"]}}],"collection":[{"href":"https:\/\/agec.campeche.gob.mx\/index.php?rest_route=\/wp\/v2\/pages"}],"about":[{"href":"https:\/\/agec.campeche.gob.mx\/index.php?rest_route=\/wp\/v2\/types\/page"}],"author":[{"embeddable":true,"href":"https:\/\/agec.campeche.gob.mx\/index.php?rest_route=\/wp\/v2\/users\/1"}],"replies":[{"embeddable":true,"href":"https:\/\/agec.campeche.gob.mx\/index.php?rest_route=%2Fwp%2Fv2%2Fcomments&post=2029"}],"version-history":[{"count":2,"href":"https:\/\/agec.campeche.gob.mx\/index.php?rest_route=\/wp\/v2\/pages\/2029\/revisions"}],"predecessor-version":[{"id":2032,"href":"https:\/\/agec.campeche.gob.mx\/index.php?rest_route=\/wp\/v2\/pages\/2029\/revisions\/2032"}],"wp:attachment":[{"href":"https:\/\/agec.campeche.gob.mx\/index.php?rest_route=%2Fwp%2Fv2%2Fmedia&parent=2029"}],"curies":[{"name":"wp","href":"https:\/\/api.w.org\/{rel}","templated":true}]}}