{"id":2303,"date":"2024-01-17T23:35:20","date_gmt":"2024-01-18T05:35:20","guid":{"rendered":"https:\/\/agec.campeche.gob.mx\/?page_id=2303"},"modified":"2024-01-17T23:37:14","modified_gmt":"2024-01-18T05:37:14","slug":"fraccion-xxxvii-a","status":"publish","type":"page","link":"https:\/\/agec.campeche.gob.mx\/?page_id=2303","title":{"rendered":"Fraccion XXXVII-A"},"content":{"rendered":"<p>[et_pb_section fb_built=&#8221;1&#8243; theme_builder_area=&#8221;post_content&#8221; _builder_version=&#8221;4.23.1&#8243; _module_preset=&#8221;default&#8221;][et_pb_row _builder_version=&#8221;4.23.1&#8243; _module_preset=&#8221;default&#8221; theme_builder_area=&#8221;post_content&#8221;][et_pb_column _builder_version=&#8221;4.23.1&#8243; _module_preset=&#8221;default&#8221; type=&#8221;4_4&#8243; theme_builder_area=&#8221;post_content&#8221;][et_pb_text _builder_version=&#8221;4.23.1&#8243; _module_preset=&#8221;default&#8221; theme_builder_area=&#8221;post_content&#8221; hover_enabled=&#8221;0&#8243; sticky_enabled=&#8221;0&#8243;]<\/p>\n<h1 style=\"text-align: justify;\"><span>XXXVII-A. Los Mecanismos de Participaci\u00f3n Ciudadana.<\/span><\/h1>\n<p style=\"text-align: justify;\"><span>Todos los Sujetos Obligados publicar\u00e1n el conjunto de acciones que pretenden impulsar el desarrollo local y la democracia participativa, tales como actividades, acciones, informes, concursos, comit\u00e9s, sesiones, encuestas, consultas, foros, eventos, experiencias y dem\u00e1s mecanismos de participaci\u00f3n ciudadana de los que dispongan, incluidos aquellos que utilicen como medio las Tecnolog\u00edas de la Informaci\u00f3n y Comunicaci\u00f3n, como los sitios de Internet (o Portales Institucionales) de conformidad con la normatividad aplicable, procurando atender las mejores pr\u00e1cticas a nivel internacional, con el objetivo de disminuir las barreras de entrada a la consulta, participaci\u00f3n y colaboraci\u00f3n.<\/span><\/p>\n<p><span class=\"fa fa-refresh\"><span>\u00a0<\/span>Periodo de Actualizacion:<span>\u00a0<\/span><strong>Trimestral<\/strong><\/span><br \/><span class=\"fa fa-calendar\"><span>\u00a0<\/span>Fecha de Actualizaci\u00f3n:<span>\u00a0<\/span><strong>08\/01\/2019<\/strong><\/span><br \/><span class=\"fa fa-calendar\"><span>\u00a0<\/span>Fecha de Validaci\u00f3n:<span>\u00a0<\/span><strong>08\/01\/2019<\/strong><\/span><br \/><span class=\"fa fa-pencil-square-o\"><span>\u00a0<\/span>Unidad(es) Administrativa(s) que genera(n) o posea(n) la Informaci\u00f3n:\u00a0<strong><span>\u00c1reas y\/o Coordinaciones Administrativas de: SEGOB, CESP, COESPO, IET, AGE, SIPINNA.<\/span><\/strong><\/span><\/p>\n<div id=\"gtx-trans\" style=\"position: absolute; left: -93px; top: -10px;\">\n<div class=\"gtx-trans-icon\"><\/div>\n<\/div>\n<p>\u00a0<a href=\"https:\/\/drive.google.com\/uc?export=download&amp;id=1XBVKURiSdYeJe8h8UITyhTJFTjbXh9xG\" target=\"_blank\" rel=\"noopener noreferrer\"><button type=\"button\" class=\"btn btn-large btn-success\"><em class=\"fa fa-file-excel-o\"> Descargar Excel<\/em><\/button> <\/a> <a href=\"https:\/\/drive.google.com\/open?id=1XBVKURiSdYeJe8h8UITyhTJFTjbXh9xG\" target=\"_blank\" rel=\"noopener noreferrer\"> <button type=\"button\" class=\"btn btn-large btn-danger\"><em class=\"fa fa-eye\"> Ver Online<\/em><\/button> <\/a> <span style=\"padding-left: 20px;\"> <span class=\"fa fa-hand-o-left\"><\/span> Descargue y\/o visualice aqu\u00ed<\/span><\/p>\n<p>[\/et_pb_text][\/et_pb_column][\/et_pb_row][\/et_pb_section]<\/p>\n","protected":false},"excerpt":{"rendered":"<p>XXXVII-A. Los Mecanismos de Participaci\u00f3n Ciudadana. Todos los Sujetos Obligados publicar\u00e1n el conjunto de acciones que pretenden impulsar el desarrollo local y la democracia participativa, tales como actividades, acciones, informes, concursos, comit\u00e9s, sesiones, encuestas, consultas, foros, eventos, experiencias y dem\u00e1s mecanismos de participaci\u00f3n ciudadana de los que dispongan, incluidos aquellos que utilicen como medio las [&hellip;]<\/p>\n","protected":false},"author":1,"featured_media":0,"parent":0,"menu_order":0,"comment_status":"closed","ping_status":"closed","template":"","meta":{"_acf_changed":false,"_et_pb_use_builder":"on","_et_pb_old_content":"","_et_gb_content_width":"","inline_featured_image":false,"footnotes":""},"class_list":["post-2303","page","type-page","status-publish","hentry"],"acf":[],"_links":{"self":[{"href":"https:\/\/agec.campeche.gob.mx\/index.php?rest_route=\/wp\/v2\/pages\/2303","targetHints":{"allow":["GET"]}}],"collection":[{"href":"https:\/\/agec.campeche.gob.mx\/index.php?rest_route=\/wp\/v2\/pages"}],"about":[{"href":"https:\/\/agec.campeche.gob.mx\/index.php?rest_route=\/wp\/v2\/types\/page"}],"author":[{"embeddable":true,"href":"https:\/\/agec.campeche.gob.mx\/index.php?rest_route=\/wp\/v2\/users\/1"}],"replies":[{"embeddable":true,"href":"https:\/\/agec.campeche.gob.mx\/index.php?rest_route=%2Fwp%2Fv2%2Fcomments&post=2303"}],"version-history":[{"count":3,"href":"https:\/\/agec.campeche.gob.mx\/index.php?rest_route=\/wp\/v2\/pages\/2303\/revisions"}],"predecessor-version":[{"id":2330,"href":"https:\/\/agec.campeche.gob.mx\/index.php?rest_route=\/wp\/v2\/pages\/2303\/revisions\/2330"}],"wp:attachment":[{"href":"https:\/\/agec.campeche.gob.mx\/index.php?rest_route=%2Fwp%2Fv2%2Fmedia&parent=2303"}],"curies":[{"name":"wp","href":"https:\/\/api.w.org\/{rel}","templated":true}]}}